Last updated on 2017-12-20 00:46:51 CET.
Flavor | Version | Tinstall | Tcheck | Ttotal | Status | Flags |
---|---|---|---|---|---|---|
r-devel-linux-x86_64-debian-clang | 0.1.8 | 0.79 | 15.52 | 16.31 | OK | --no-vignettes |
r-devel-linux-x86_64-debian-gcc | 0.1.8 | OK | --no-vignettes | |||
r-devel-linux-x86_64-fedora-clang | 0.1.8 | 23.85 | OK | --no-vignettes | ||
r-devel-linux-x86_64-fedora-gcc | 0.1.8 | 21.07 | OK | --no-vignettes | ||
r-devel-windows-ix86+x86_64 | 0.1.8 | 3.00 | 28.00 | 31.00 | OK | --no-vignettes |
r-patched-linux-x86_64 | 0.1.8 | 0.91 | 16.61 | 17.52 | OK | --no-vignettes |
r-patched-solaris-x86 | 0.1.8 | 29.30 | OK | --no-vignettes | ||
r-release-linux-x86_64 | 0.1.8 | 0.80 | 16.56 | 17.36 | OK | --no-vignettes |
r-release-windows-ix86+x86_64 | 0.1.8 | 2.00 | 40.00 | 42.00 | OK | --no-vignettes |
r-release-osx-x86_64 | 0.1.8 | WARN | ||||
r-oldrel-windows-ix86+x86_64 | 0.1.8 | 2.00 | 34.00 | 36.00 | OK | --no-vignettes |
r-oldrel-osx-x86_64 | 0.1.8 | WARN |
Version: 0.1.8
Check: re-building of vignette outputs
Result: WARN
Error in re-building vignettes:
...
Warning in engine$weave(file, quiet = quiet, encoding = enc) :
Pandoc (>= 1.12.3) and/or pandoc-citeproc not available. Falling back to R Markdown v1.
Quitting from lines 22-24 (fitbitScraper-examples.Rmd)
Error: processing vignette 'fitbitScraper-examples.Rmd' failed with diagnostics:
login failed
Execution halted
Flavors: r-release-osx-x86_64, r-oldrel-osx-x86_64