CRAN Package Check Results for Package fivethirtyeight

Last updated on 2017-12-20 00:46:51 CET.

Flavor Version Tinstall Tcheck Ttotal Status Flags
r-devel-linux-x86_64-debian-clang 0.3.0 6.04 45.76 51.80 OK
r-devel-linux-x86_64-debian-gcc 0.3.0 OK
r-devel-linux-x86_64-fedora-clang 0.3.0 73.48 NOTE
r-devel-linux-x86_64-fedora-gcc 0.3.0 67.99 NOTE
r-devel-windows-ix86+x86_64 0.3.0 18.00 62.00 80.00 OK
r-patched-linux-x86_64 0.3.0 6.28 49.77 56.05 OK
r-patched-solaris-x86 0.3.0 90.40 NOTE
r-release-linux-x86_64 0.3.0 6.79 50.70 57.49 OK
r-release-windows-ix86+x86_64 0.3.0 11.00 70.00 81.00 OK
r-release-osx-x86_64 0.3.0 NOTE
r-oldrel-windows-ix86+x86_64 0.3.0 14.00 81.00 95.00 OK
r-oldrel-osx-x86_64 0.3.0 NOTE

Check Details

Version: 0.3.0
Check: data for non-ASCII characters
Result: NOTE
     Note: found 371 marked UTF-8 strings
Flavors: r-devel-linux-x86_64-fedora-clang, r-devel-linux-x86_64-fedora-gcc, r-patched-solaris-x86, r-release-osx-x86_64, r-oldrel-osx-x86_64