CRAN Package Check Results for Package flux

Last updated on 2017-12-20 00:46:52 CET.

Flavor Version Tinstall Tcheck Ttotal Status Flags
r-devel-linux-x86_64-debian-clang 0.3-0 1.23 35.23 36.46 NOTE
r-devel-linux-x86_64-debian-gcc 0.3-0 NOTE
r-devel-linux-x86_64-fedora-clang 0.3-0 49.77 NOTE
r-devel-linux-x86_64-fedora-gcc 0.3-0 46.95 NOTE
r-devel-windows-ix86+x86_64 0.3-0 6.00 50.00 56.00 NOTE
r-patched-linux-x86_64 0.3-0 1.30 39.14 40.44 NOTE
r-patched-solaris-x86 0.3-0 57.10 NOTE
r-release-linux-x86_64 0.3-0 1.47 40.85 42.32 NOTE
r-release-windows-ix86+x86_64 0.3-0 4.00 69.00 73.00 NOTE
r-release-osx-x86_64 0.3-0 NOTE
r-oldrel-windows-ix86+x86_64 0.3-0 3.00 60.00 63.00 NOTE
r-oldrel-osx-x86_64 0.3-0 NOTE

Check Details

Version: 0.3-0
Check: R code for possible problems
Result: NOTE
    export: no visible global function definition for ‘write.table’
    flux.odae : <anonymous>: no visible global function definition for
     ‘combn’
    mf.flux: no visible global function definition for ‘runsd’
    plot.fluss: no visible global function definition for ‘dev.new’
    plot.fluss: no visible global function definition for ‘pdf’
    plot.fluss: no visible global function definition for ‘dev.off’
    plot.fluxes: no visible global function definition for ‘dev.new’
    plot.fluxes: no visible global function definition for ‘devAskNewPage’
    plot.fluxes: no visible global function definition for ‘pdf’
    plot.fluxes: no visible global function definition for ‘dev.off’
    plot.fluxxes: no visible global function definition for ‘dev.new’
    plot.fluxxes: no visible global function definition for ‘devAskNewPage’
    plot.fluxxes: no visible global function definition for ‘pdf’
    plot.fluxxes: no visible global function definition for ‘dev.off’
    reco.bulk : get.out: no visible global function definition for
     ‘boxplot.stats’
    Undefined global functions or variables:
     boxplot.stats combn dev.new dev.off devAskNewPage pdf runsd
     write.table
    Consider adding
     importFrom("grDevices", "boxplot.stats", "dev.new", "dev.off",
     "devAskNewPage", "pdf")
     importFrom("utils", "combn", "write.table")
    to your NAMESPACE file.
Flavors: r-devel-linux-x86_64-debian-clang, r-devel-linux-x86_64-debian-gcc, r-devel-linux-x86_64-fedora-clang, r-devel-linux-x86_64-fedora-gcc, r-devel-windows-ix86+x86_64, r-patched-linux-x86_64, r-patched-solaris-x86, r-release-linux-x86_64, r-release-windows-ix86+x86_64, r-release-osx-x86_64, r-oldrel-windows-ix86+x86_64, r-oldrel-osx-x86_64