Last updated on 2017-12-20 00:46:54 CET.
Flavor | Version | Tinstall | Tcheck | Ttotal | Status | Flags |
---|---|---|---|---|---|---|
r-devel-linux-x86_64-debian-clang | 1.3-0 | 35.31 | 77.42 | 112.73 | NOTE | |
r-devel-linux-x86_64-debian-gcc | 1.3-0 | NOTE | ||||
r-devel-linux-x86_64-fedora-clang | 1.3-0 | 164.14 | NOTE | |||
r-devel-linux-x86_64-fedora-gcc | 1.3-0 | 165.38 | NOTE | |||
r-devel-windows-ix86+x86_64 | 1.3-0 | 132.00 | 128.00 | 260.00 | OK | |
r-patched-linux-x86_64 | 1.3-0 | 37.63 | 93.38 | 131.01 | NOTE | |
r-patched-solaris-x86 | 1.3-0 | 221.80 | NOTE | |||
r-release-linux-x86_64 | 1.3-0 | 36.88 | 93.75 | 130.63 | NOTE | |
r-release-windows-ix86+x86_64 | 1.3-0 | 86.00 | 131.00 | 217.00 | OK | |
r-release-osx-x86_64 | 1.3-0 | OK | ||||
r-oldrel-windows-ix86+x86_64 | 1.3-0 | 112.00 | 167.00 | 279.00 | OK | |
r-oldrel-osx-x86_64 | 1.3-0 | OK |
Version: 1.3-0
Check: compiled code
Result: NOTE
File ‘gRain/libs/gRain.so’:
Found no calls to: ‘R_registerRoutines’, ‘R_useDynamicSymbols’
It is good practice to register native routines and to disable symbol
search.
See ‘Writing portable packages’ in the ‘Writing R Extensions’ manual.
Flavors: r-devel-linux-x86_64-debian-clang, r-devel-linux-x86_64-debian-gcc, r-devel-linux-x86_64-fedora-clang, r-devel-linux-x86_64-fedora-gcc, r-patched-linux-x86_64, r-release-linux-x86_64
Version: 1.3-0
Check: package dependencies
Result: NOTE
Package suggested but not available for checking: ‘microbenchmark’
Flavor: r-patched-solaris-x86