Last updated on 2017-12-20 00:46:52 CET.
Flavor | Version | Tinstall | Tcheck | Ttotal | Status | Flags |
---|---|---|---|---|---|---|
r-devel-linux-x86_64-debian-clang | 1.3.4 | 5.10 | 135.95 | 141.05 | OK | |
r-devel-linux-x86_64-debian-gcc | 1.3.4 | OK | ||||
r-devel-linux-x86_64-fedora-clang | 1.3.4 | 207.12 | OK | |||
r-devel-linux-x86_64-fedora-gcc | 1.3.4 | 202.26 | OK | |||
r-devel-windows-ix86+x86_64 | 1.3.4 | 14.00 | 336.00 | 350.00 | OK | |
r-patched-linux-x86_64 | 1.3.4 | 5.67 | 156.52 | 162.19 | OK | |
r-patched-solaris-x86 | 1.3.4 | 274.00 | OK | |||
r-release-linux-x86_64 | 1.3.4 | 5.12 | 158.45 | 163.57 | OK | |
r-release-windows-ix86+x86_64 | 1.3.4 | 10.00 | 342.00 | 352.00 | OK | |
r-release-osx-x86_64 | 1.3.4 | WARN | ||||
r-oldrel-windows-ix86+x86_64 | 1.3.4 | 16.00 | 452.00 | 468.00 | OK | |
r-oldrel-osx-x86_64 | 1.3.4 | OK |
Version: 1.3.4
Check: re-building of vignette outputs
Result: WARN
Error in re-building vignettes:
...
Warning in if (scheme == "lines") { :
the condition has length > 1 and only the first element will be used
Warning in if (scheme == "lines") { :
the condition has length > 1 and only the first element will be used
Warning in if (scheme == "lines") { :
the condition has length > 1 and only the first element will be used
Warning in panel(x[id], y[id], col = col[id], pch = pch[id], ...) :
Some points are missed out
increase the y limits using ylim.worm
Error in texi2dvi(file = file, pdf = TRUE, clean = clean, quiet = quiet, :
Running 'texi2dvi' on 'GAMLSS_GMRF.tex' failed.
LaTeX errors:
! LaTeX Error: File `epsf.sty' not found.
Type X to quit or <RETURN> to proceed,
or enter new name. (Default extension: sty)
! Emergency stop.
<read *>
l.56 \usepackage
{Rd}^^M
! ==> Fatal error occurred, no output PDF file produced!
Calls: buildVignettes -> texi2pdf -> texi2dvi
Execution halted
Flavor: r-release-osx-x86_64