CRAN Package Check Results for Package gapfill

Last updated on 2017-12-20 00:46:52 CET.

Flavor Version Tinstall Tcheck Ttotal Status Flags
r-devel-linux-x86_64-debian-clang 0.9.5-3 14.30 84.75 99.05 OK
r-devel-linux-x86_64-debian-gcc 0.9.5-3 OK
r-devel-linux-x86_64-fedora-clang 0.9.5-3 148.33 OK
r-devel-linux-x86_64-fedora-gcc 0.9.5-3 143.46 OK
r-devel-windows-ix86+x86_64 0.9.5-3 48.00 165.00 213.00 OK
r-patched-linux-x86_64 0.9.5-3 13.22 102.48 115.70 OK
r-patched-solaris-x86 0.9.5-3 200.50 OK
r-release-linux-x86_64 0.9.5-3 14.32 101.23 115.55 OK
r-release-windows-ix86+x86_64 0.9.5-3 33.00 175.00 208.00 OK
r-release-osx-x86_64 0.9.5-3 NOTE
r-oldrel-windows-ix86+x86_64 0.9.5-3 52.00 198.00 250.00 OK
r-oldrel-osx-x86_64 0.9.5-3 NOTE

Check Details

Version: 0.9.5-3
Check: package dependencies
Result: NOTE
    Package which this enhances but not available for checking: ‘doMPI’
Flavors: r-release-osx-x86_64, r-oldrel-osx-x86_64