Last updated on 2017-12-20 00:46:53 CET.
Flavor | Version | Tinstall | Tcheck | Ttotal | Status | Flags |
---|---|---|---|---|---|---|
r-devel-linux-x86_64-debian-clang | 0.5-8 | 1.81 | 27.70 | 29.51 | NOTE | |
r-devel-linux-x86_64-debian-gcc | 0.5-8 | NOTE | ||||
r-devel-linux-x86_64-fedora-clang | 0.5-8 | 37.73 | NOTE | |||
r-devel-linux-x86_64-fedora-gcc | 0.5-8 | 39.16 | NOTE | |||
r-devel-windows-ix86+x86_64 | 0.5-8 | 9.00 | 57.00 | 66.00 | NOTE | |
r-patched-linux-x86_64 | 0.5-8 | 2.18 | 33.37 | 35.55 | NOTE | |
r-patched-solaris-x86 | 0.5-8 | 62.60 | NOTE | |||
r-release-linux-x86_64 | 0.5-8 | 2.06 | 33.48 | 35.54 | NOTE | |
r-release-windows-ix86+x86_64 | 0.5-8 | 7.00 | 54.00 | 61.00 | NOTE | |
r-release-osx-x86_64 | 0.5-8 | NOTE | ||||
r-oldrel-windows-ix86+x86_64 | 0.5-8 | 7.00 | 69.00 | 76.00 | NOTE | |
r-oldrel-osx-x86_64 | 0.5-8 | NOTE |
Version: 0.5-8
Check: DESCRIPTION meta-information
Result: NOTE
Malformed Description field: should contain one or more complete sentences.
Flavors: r-devel-linux-x86_64-debian-clang, r-devel-linux-x86_64-debian-gcc, r-devel-linux-x86_64-fedora-clang, r-devel-linux-x86_64-fedora-gcc, r-devel-windows-ix86+x86_64, r-patched-linux-x86_64, r-patched-solaris-x86, r-release-linux-x86_64, r-release-windows-ix86+x86_64, r-release-osx-x86_64, r-oldrel-windows-ix86+x86_64, r-oldrel-osx-x86_64
Version: 0.5-8
Check: R code for possible problems
Result: NOTE
ImagePoly: no visible global function definition for ‘plot’
performSinglePlot: no visible global function definition for
‘heat.colors’
Undefined global functions or variables:
heat.colors plot
Consider adding
importFrom("grDevices", "heat.colors")
importFrom("graphics", "plot")
to your NAMESPACE file.
Flavors: r-devel-linux-x86_64-debian-clang, r-devel-linux-x86_64-debian-gcc, r-devel-linux-x86_64-fedora-clang, r-devel-linux-x86_64-fedora-gcc, r-devel-windows-ix86+x86_64, r-patched-linux-x86_64, r-patched-solaris-x86, r-release-linux-x86_64, r-release-windows-ix86+x86_64, r-release-osx-x86_64, r-oldrel-windows-ix86+x86_64, r-oldrel-osx-x86_64