CRAN Package Check Results for Package ggCompNet

Last updated on 2017-12-20 00:46:53 CET.

Flavor Version Tinstall Tcheck Ttotal Status Flags
r-devel-linux-x86_64-debian-clang 0.1.0 2.78 96.63 99.41 OK
r-devel-linux-x86_64-debian-gcc 0.1.0 OK
r-devel-linux-x86_64-fedora-clang 0.1.0 127.92 NOTE
r-devel-linux-x86_64-fedora-gcc 0.1.0 127.11 NOTE
r-devel-windows-ix86+x86_64 0.1.0 7.00 215.00 222.00 NOTE
r-patched-linux-x86_64 0.1.0 2.95 104.92 107.87 OK
r-patched-solaris-x86 0.1.0 176.10 NOTE
r-release-linux-x86_64 0.1.0 3.06 108.13 111.19 OK
r-release-windows-ix86+x86_64 0.1.0 10.00 224.00 234.00 NOTE
r-release-osx-x86_64 0.1.0 NOTE
r-oldrel-windows-ix86+x86_64 0.1.0 18.00 281.00 299.00 NOTE
r-oldrel-osx-x86_64 0.1.0 WARN

Check Details

Version: 0.1.0
Check: installed package size
Result: NOTE
     installed size is 6.4Mb
     sub-directories of 1Mb or more:
     doc 6.1Mb
Flavors: r-devel-linux-x86_64-fedora-clang, r-devel-linux-x86_64-fedora-gcc, r-devel-windows-ix86+x86_64, r-patched-solaris-x86, r-release-windows-ix86+x86_64, r-release-osx-x86_64, r-oldrel-windows-ix86+x86_64, r-oldrel-osx-x86_64

Version: 0.1.0
Check: dependencies in R code
Result: NOTE
    Namespaces in Imports field not imported from:
     ‘dplyr’ ‘ggmap’ ‘gridExtra’ ‘scales’ ‘tnet’
     All declared Imports should be used.
Flavors: r-devel-linux-x86_64-fedora-clang, r-devel-linux-x86_64-fedora-gcc, r-patched-solaris-x86, r-release-osx-x86_64, r-oldrel-osx-x86_64

Version: 0.1.0
Check: re-building of vignette outputs
Result: WARN
    Error in re-building vignettes:
     ...
    Warning in engine$weave(file, quiet = quiet, encoding = enc) :
     Pandoc (>= 1.12.3) and/or pandoc-citeproc not available. Falling back to R Markdown v1.
    
    Attaching package: 'dplyr'
    
    The following objects are masked from 'package:stats':
    
     filter, lag
    
    The following objects are masked from 'package:base':
    
     intersect, setdiff, setequal, union
    
    Warning in engine$weave(file, quiet = quiet, encoding = enc) :
     Pandoc (>= 1.12.3) and/or pandoc-citeproc not available. Falling back to R Markdown v1.
    Quitting from lines 102-115 (examples-from-paper.Rmd)
    Error: processing vignette 'examples-from-paper.Rmd' failed with diagnostics:
    StatEdges was built with an incompatible version of ggproto.
    Please reinstall the package that provides this extension.
    Execution halted
Flavor: r-oldrel-osx-x86_64