CRAN Package Check Results for Package gphmm

Last updated on 2017-12-20 00:46:54 CET.

Flavor Version Tinstall Tcheck Ttotal Status Flags
r-devel-linux-x86_64-debian-clang 0.99.0 17.42 209.13 226.55 OK
r-devel-linux-x86_64-debian-gcc 0.99.0 OK
r-devel-linux-x86_64-fedora-clang 0.99.0 292.15 OK
r-devel-linux-x86_64-fedora-gcc 0.99.0 293.13 OK
r-devel-windows-ix86+x86_64 0.99.0 49.00 280.00 329.00 OK
r-patched-linux-x86_64 0.99.0 17.60 245.93 263.53 OK
r-patched-solaris-x86 0.99.0 407.90 OK
r-release-linux-x86_64 0.99.0 17.96 249.41 267.37 OK
r-release-windows-ix86+x86_64 0.99.0 35.00 296.00 331.00 OK
r-release-osx-x86_64 0.99.0 ERROR
r-oldrel-windows-ix86+x86_64 0.99.0 61.00 355.00 416.00 OK
r-oldrel-osx-x86_64 0.99.0 OK

Check Details

Version: 0.99.0
Check: package dependencies
Result: ERROR
    Package required but not available: ‘Biostrings’
    
    See section ‘The DESCRIPTION file’ in the ‘Writing R Extensions’
    manual.
Flavor: r-release-osx-x86_64