CRAN Package Check Results for Package groc

Last updated on 2017-12-20 00:46:54 CET.

Flavor Version Tinstall Tcheck Ttotal Status Flags
r-devel-linux-x86_64-debian-clang 1.0.5 4.96 59.38 64.34 NOTE
r-devel-linux-x86_64-debian-gcc 1.0.5 NOTE
r-devel-linux-x86_64-fedora-clang 1.0.5 88.38 NOTE
r-devel-linux-x86_64-fedora-gcc 1.0.5 87.28 NOTE
r-devel-windows-ix86+x86_64 1.0.5 23.00 103.00 126.00 NOTE
r-patched-linux-x86_64 1.0.5 4.86 70.91 75.77 NOTE
r-patched-solaris-x86 1.0.5 157.20 NOTE
r-release-linux-x86_64 1.0.5 5.68 69.09 74.77 NOTE
r-release-windows-ix86+x86_64 1.0.5 14.00 171.00 185.00 NOTE
r-release-osx-x86_64 1.0.5 NOTE
r-oldrel-windows-ix86+x86_64 1.0.5 22.00 148.00 170.00 NOTE
r-oldrel-osx-x86_64 1.0.5 NOTE

Additional issues

rchk

Check Details

Version: 1.0.5
Check: R code for possible problems
Result: NOTE
    groc.default: no visible global function definition for
     ‘model.response’
    groc.default: no visible global function definition for ‘model.matrix’
    groc.fit: no visible global function definition for ‘fitted’
    grocCrossval: no visible global function definition for ‘model.frame’
    grocCrossval: no visible global function definition for ‘formula’
    grocCrossval: no visible global function definition for
     ‘model.response’
    grocCrossval: no visible global function definition for ‘update’
    grocCrossval: no visible binding for global variable ‘median’
    grocCrossval: no visible global function definition for ‘fitted’
    model.matrix.groc: no visible global function definition for
     ‘model.frame’
    model.matrix.groc: no visible global function definition for ‘terms’
    plot.groc: no visible global function definition for ‘qchisq’
    plot.groc: no visible global function definition for ‘residuals’
    plot.groc: no visible global function definition for ‘abline’
    plot.groc: no visible global function definition for ‘text’
    plot.groc: no visible binding for global variable ‘sd’
    plot.groc: no visible global function definition for ‘mahalanobis’
    plot.groc: no visible global function definition for ‘var’
    plot.groc: no visible global function definition for ‘par’
    predict.groc: no visible binding for global variable ‘na.pass’
    predict.groc: no visible global function definition for ‘model.matrix’
    predict.groc: no visible global function definition for
     ‘delete.response’
    predict.groc: no visible global function definition for ‘terms’
    predict.groc: no visible global function definition for ‘model.frame’
    predict.groc: no visible global function definition for
     ‘.checkMFClasses’
    Undefined global functions or variables:
     .checkMFClasses abline delete.response fitted formula mahalanobis
     median model.frame model.matrix model.response na.pass par qchisq
     residuals sd terms text update var
    Consider adding
     importFrom("graphics", "abline", "par", "text")
     importFrom("stats", ".checkMFClasses", "delete.response", "fitted",
     "formula", "mahalanobis", "median", "model.frame",
     "model.matrix", "model.response", "na.pass", "qchisq",
     "residuals", "sd", "terms", "update", "var")
    to your NAMESPACE file.
Flavors: r-devel-linux-x86_64-debian-clang, r-devel-linux-x86_64-debian-gcc, r-devel-linux-x86_64-fedora-clang, r-devel-linux-x86_64-fedora-gcc, r-devel-windows-ix86+x86_64, r-patched-linux-x86_64, r-patched-solaris-x86, r-release-linux-x86_64, r-release-windows-ix86+x86_64, r-release-osx-x86_64, r-oldrel-windows-ix86+x86_64, r-oldrel-osx-x86_64

Version: 1.0.5
Check: compiled code
Result: NOTE
    File ‘groc/libs/groc.so’:
     Found no calls to: ‘R_registerRoutines’, ‘R_useDynamicSymbols’
    
    It is good practice to register native routines and to disable symbol
    search.
    
    See ‘Writing portable packages’ in the ‘Writing R Extensions’ manual.
Flavors: r-devel-linux-x86_64-debian-clang, r-devel-linux-x86_64-debian-gcc, r-devel-linux-x86_64-fedora-clang, r-devel-linux-x86_64-fedora-gcc, r-patched-linux-x86_64, r-release-linux-x86_64