Last updated on 2017-12-20 00:46:54 CET.
Flavor | Version | Tinstall | Tcheck | Ttotal | Status | Flags |
---|---|---|---|---|---|---|
r-devel-linux-x86_64-debian-clang | 0.4-5 | 0.91 | 26.29 | 27.20 | NOTE | |
r-devel-linux-x86_64-debian-gcc | 0.4-5 | NOTE | ||||
r-devel-linux-x86_64-fedora-clang | 0.4-5 | 33.69 | NOTE | |||
r-devel-linux-x86_64-fedora-gcc | 0.4-5 | 34.33 | NOTE | |||
r-devel-windows-ix86+x86_64 | 0.4-5 | 3.00 | 38.00 | 41.00 | NOTE | |
r-patched-linux-x86_64 | 0.4-5 | 0.89 | 28.05 | 28.94 | NOTE | |
r-patched-solaris-x86 | 0.4-5 | 53.80 | NOTE | |||
r-release-linux-x86_64 | 0.4-5 | 1.02 | 27.95 | 28.97 | NOTE | |
r-release-windows-ix86+x86_64 | 0.4-5 | 3.00 | 41.00 | 44.00 | NOTE | |
r-release-osx-x86_64 | 0.4-5 | NOTE | ||||
r-oldrel-windows-ix86+x86_64 | 0.4-5 | 2.00 | 33.00 | 35.00 | NOTE | |
r-oldrel-osx-x86_64 | 0.4-5 | NOTE |
Version: 0.4-5
Check: DESCRIPTION meta-information
Result: NOTE
Malformed Description field: should contain one or more complete sentences.
Flavors: r-devel-linux-x86_64-debian-clang, r-devel-linux-x86_64-debian-gcc, r-devel-linux-x86_64-fedora-clang, r-devel-linux-x86_64-fedora-gcc, r-devel-windows-ix86+x86_64, r-patched-linux-x86_64, r-patched-solaris-x86, r-release-linux-x86_64, r-release-windows-ix86+x86_64, r-release-osx-x86_64, r-oldrel-windows-ix86+x86_64, r-oldrel-osx-x86_64
Version: 0.4-5
Check: R code for possible problems
Result: NOTE
[.grplasso: no visible global function definition for ‘coef’
[.grplasso: no visible global function definition for ‘fitted’
create.design: no visible global function definition for ‘as.formula’
create.design: no visible global function definition for ‘model.matrix’
create.design: no visible global function definition for
‘model.response’
create.design: no visible global function definition for
‘model.weights’
create.design: no visible global function definition for ‘model.offset’
create.design: no visible global function definition for ‘terms’
grplasso.formula: no visible global function definition for
‘.getXlevels’
lambdamax.default: no visible binding for global variable ‘nlminb’
plot.grplasso: no visible global function definition for ‘na.omit’
plot.grplasso: no visible global function definition for ‘matplot’
plot.grplasso: no visible global function definition for ‘coef’
plot.grplasso: no visible global function definition for ‘axis’
predict.grplasso: no visible binding for global variable ‘na.pass’
predict.grplasso: no visible global function definition for ‘fitted’
predict.grplasso: no visible global function definition for ‘napredict’
predict.grplasso: no visible global function definition for
‘delete.response’
predict.grplasso: no visible global function definition for
‘model.frame’
predict.grplasso: no visible global function definition for
‘.checkMFClasses’
predict.grplasso: no visible global function definition for
‘model.matrix’
predict.grplasso: no visible global function definition for ‘coef’
print.grplasso: no visible global function definition for ‘na.omit’
Undefined global functions or variables:
.checkMFClasses .getXlevels as.formula axis coef delete.response
fitted matplot model.frame model.matrix model.offset model.response
model.weights na.omit na.pass napredict nlminb terms
Consider adding
importFrom("graphics", "axis", "matplot")
importFrom("stats", ".checkMFClasses", ".getXlevels", "as.formula",
"coef", "delete.response", "fitted", "model.frame",
"model.matrix", "model.offset", "model.response",
"model.weights", "na.omit", "na.pass", "napredict",
"nlminb", "terms")
to your NAMESPACE file.
Flavors: r-devel-linux-x86_64-debian-clang, r-devel-linux-x86_64-debian-gcc, r-devel-linux-x86_64-fedora-clang, r-devel-linux-x86_64-fedora-gcc, r-devel-windows-ix86+x86_64, r-patched-linux-x86_64, r-patched-solaris-x86, r-release-linux-x86_64, r-release-windows-ix86+x86_64, r-release-osx-x86_64, r-oldrel-windows-ix86+x86_64, r-oldrel-osx-x86_64