Last updated on 2017-12-20 00:46:55 CET.
Flavor | Version | Tinstall | Tcheck | Ttotal | Status | Flags |
---|---|---|---|---|---|---|
r-devel-linux-x86_64-debian-clang | 0.1.3 | 4.95 | 54.30 | 59.25 | OK | |
r-devel-linux-x86_64-debian-gcc | 0.1.3 | OK | ||||
r-devel-linux-x86_64-fedora-clang | 0.1.3 | 78.36 | NOTE | |||
r-devel-linux-x86_64-fedora-gcc | 0.1.3 | 78.93 | NOTE | |||
r-devel-windows-ix86+x86_64 | 0.1.3 | 13.00 | 75.00 | 88.00 | OK | |
r-patched-linux-x86_64 | 0.1.3 | 5.38 | 60.74 | 66.12 | OK | |
r-patched-solaris-x86 | 0.1.3 | 108.30 | NOTE | |||
r-release-linux-x86_64 | 0.1.3 | 5.18 | 59.94 | 65.12 | OK | |
r-release-windows-ix86+x86_64 | 0.1.3 | 8.00 | 94.00 | 102.00 | OK | |
r-release-osx-x86_64 | 0.1.3 | NOTE | ||||
r-oldrel-windows-ix86+x86_64 | 0.1.3 | 9.00 | 97.00 | 106.00 | OK | |
r-oldrel-osx-x86_64 | 0.1.3 | NOTE |
Version: 0.1.3
Check: data for non-ASCII characters
Result: NOTE
Note: found 13617 marked UTF-8 strings
Flavors: r-devel-linux-x86_64-fedora-clang, r-devel-linux-x86_64-fedora-gcc, r-patched-solaris-x86, r-release-osx-x86_64, r-oldrel-osx-x86_64