Last updated on 2017-12-20 00:46:55 CET.
Flavor | Version | Tinstall | Tcheck | Ttotal | Status | Flags |
---|---|---|---|---|---|---|
r-devel-linux-x86_64-debian-clang | 0.1.2 | 4.68 | 91.63 | 96.31 | OK | |
r-devel-linux-x86_64-debian-gcc | 0.1.2 | OK | ||||
r-devel-linux-x86_64-fedora-clang | 0.1.2 | 136.45 | NOTE | |||
r-devel-linux-x86_64-fedora-gcc | 0.1.2 | 131.39 | NOTE | |||
r-devel-windows-ix86+x86_64 | 0.1.2 | 14.00 | 123.00 | 137.00 | OK | |
r-patched-linux-x86_64 | 0.1.2 | 6.73 | 117.08 | 123.81 | OK | |
r-patched-solaris-x86 | 0.1.2 | 214.60 | OK | |||
r-release-linux-x86_64 | 0.1.2 | 6.01 | 116.53 | 122.54 | OK | |
r-release-windows-ix86+x86_64 | 0.1.2 | 15.00 | 120.00 | 135.00 | OK | |
r-release-osx-x86_64 | 0.1.2 | OK | ||||
r-oldrel-windows-ix86+x86_64 | 0.1.2 | 32.00 | 173.00 | 205.00 | OK | |
r-oldrel-osx-x86_64 | 0.1.2 | OK |
Version: 0.1.2
Check: DESCRIPTION meta-information
Result: NOTE
Dependence on R version ‘3.3.2’ not with patchlevel 0
Flavors: r-devel-linux-x86_64-fedora-clang, r-devel-linux-x86_64-fedora-gcc