Last updated on 2017-12-20 00:46:55 CET.
Flavor | Version | Tinstall | Tcheck | Ttotal | Status | Flags |
---|---|---|---|---|---|---|
r-devel-linux-x86_64-debian-clang | 1.6.2 | 1.58 | 37.50 | 39.08 | OK | |
r-devel-linux-x86_64-debian-gcc | 1.6.2 | OK | ||||
r-devel-linux-x86_64-fedora-clang | 1.6.2 | 51.90 | NOTE | |||
r-devel-linux-x86_64-fedora-gcc | 1.6.2 | 52.33 | NOTE | |||
r-devel-windows-ix86+x86_64 | 1.6.2 | 6.00 | 62.00 | 68.00 | OK | |
r-patched-linux-x86_64 | 1.6.2 | 1.58 | 44.04 | 45.62 | OK | |
r-patched-solaris-x86 | 1.6.2 | 70.60 | OK | |||
r-release-linux-x86_64 | 1.6.2 | 1.57 | 43.82 | 45.39 | OK | |
r-release-windows-ix86+x86_64 | 1.6.2 | 4.00 | 60.00 | 64.00 | OK | |
r-release-osx-x86_64 | 1.6.2 | OK | ||||
r-oldrel-windows-ix86+x86_64 | 1.6.2 | 4.00 | 71.00 | 75.00 | OK | |
r-oldrel-osx-x86_64 | 1.6.2 | OK |
Version: 1.6.2
Check: DESCRIPTION meta-information
Result: NOTE
Dependence on R version ‘3.3.2’ not with patchlevel 0
Flavors: r-devel-linux-x86_64-fedora-clang, r-devel-linux-x86_64-fedora-gcc