Last updated on 2017-12-20 00:46:55 CET.
Flavor | Version | Tinstall | Tcheck | Ttotal | Status | Flags |
---|---|---|---|---|---|---|
r-devel-linux-x86_64-debian-clang | 0.5-3 | 2.25 | 20.85 | 23.10 | NOTE | |
r-devel-linux-x86_64-debian-gcc | 0.5-3 | NOTE | ||||
r-devel-linux-x86_64-fedora-clang | 0.5-3 | 29.60 | NOTE | |||
r-devel-linux-x86_64-fedora-gcc | 0.5-3 | 29.40 | NOTE | |||
r-devel-windows-ix86+x86_64 | 0.5-3 | 18.00 | 38.00 | 56.00 | OK | |
r-patched-linux-x86_64 | 0.5-3 | 2.33 | 22.45 | 24.78 | NOTE | |
r-patched-solaris-x86 | 0.5-3 | 38.00 | OK | |||
r-release-linux-x86_64 | 0.5-3 | 2.30 | 22.35 | 24.65 | NOTE | |
r-release-windows-ix86+x86_64 | 0.5-3 | 13.00 | 36.00 | 49.00 | OK | |
r-release-osx-x86_64 | 0.5-3 | OK | ||||
r-oldrel-windows-ix86+x86_64 | 0.5-3 | 13.00 | 45.00 | 58.00 | OK | |
r-oldrel-osx-x86_64 | 0.5-3 | OK |
Version: 0.5-3
Check: compiled code
Result: NOTE
File ‘hitandrun/libs/hitandrun.so’:
Found no calls to: ‘R_registerRoutines’, ‘R_useDynamicSymbols’
It is good practice to register native routines and to disable symbol
search.
See ‘Writing portable packages’ in the ‘Writing R Extensions’ manual.
Flavors: r-devel-linux-x86_64-debian-clang, r-devel-linux-x86_64-debian-gcc, r-devel-linux-x86_64-fedora-clang, r-devel-linux-x86_64-fedora-gcc, r-patched-linux-x86_64, r-release-linux-x86_64