CRAN Package Check Results for Package hnp

Last updated on 2017-12-20 00:46:56 CET.

Flavor Version Tinstall Tcheck Ttotal Status Flags
r-devel-linux-x86_64-debian-clang 1.2-4 0.84 38.44 39.28 NOTE
r-devel-linux-x86_64-debian-gcc 1.2-4 NOTE
r-devel-linux-x86_64-fedora-clang 1.2-4 53.28 NOTE
r-devel-linux-x86_64-fedora-gcc 1.2-4 53.11 NOTE
r-devel-windows-ix86+x86_64 1.2-4 3.00 51.00 54.00 OK
r-patched-linux-x86_64 1.2-4 0.87 46.96 47.83 NOTE
r-patched-solaris-x86 1.2-4 70.90 NOTE
r-release-linux-x86_64 1.2-4 0.87 48.16 49.03 NOTE
r-release-windows-ix86+x86_64 1.2-4 3.00 51.00 54.00 OK
r-release-osx-x86_64 1.2-4 NOTE
r-oldrel-windows-ix86+x86_64 1.2-4 4.00 67.00 71.00 OK
r-oldrel-osx-x86_64 1.2-4 NOTE

Check Details

Version: 1.2-4
Check: package dependencies
Result: NOTE
    Package suggested but not available for checking: ‘glmmADMB’
Flavors: r-devel-linux-x86_64-debian-clang, r-devel-linux-x86_64-debian-gcc, r-devel-linux-x86_64-fedora-clang, r-devel-linux-x86_64-fedora-gcc, r-patched-linux-x86_64, r-patched-solaris-x86, r-release-linux-x86_64, r-release-osx-x86_64, r-oldrel-osx-x86_64