Last updated on 2017-12-20 00:46:56 CET.
Flavor | Version | Tinstall | Tcheck | Ttotal | Status | Flags |
---|---|---|---|---|---|---|
r-devel-linux-x86_64-debian-clang | 1.3.1 | 1.87 | 39.62 | 41.49 | OK | |
r-devel-linux-x86_64-debian-gcc | 1.3.1 | OK | ||||
r-devel-linux-x86_64-fedora-clang | 1.3.1 | 51.05 | OK | |||
r-devel-linux-x86_64-fedora-gcc | 1.3.1 | 49.47 | OK | |||
r-devel-windows-ix86+x86_64 | 1.3.1 | 8.00 | 75.00 | 83.00 | OK | |
r-patched-linux-x86_64 | 1.3.1 | 1.36 | 43.22 | 44.58 | OK | |
r-patched-solaris-x86 | 1.3.1 | 56.60 | OK | |||
r-release-linux-x86_64 | 1.3.1 | 1.52 | 42.22 | 43.74 | OK | |
r-release-windows-ix86+x86_64 | 1.3.1 | 4.00 | 79.00 | 83.00 | OK | |
r-release-osx-x86_64 | 1.3.1 | OK | ||||
r-oldrel-windows-ix86+x86_64 | 1.3.1 | 5.00 | 86.00 | 91.00 | OK | |
r-oldrel-osx-x86_64 | 1.3.1 | WARN |
Version: 1.3.1
Check: re-building of vignette outputs
Result: WARN
Error in re-building vignettes:
...
Warning in engine$weave(file, quiet = quiet, encoding = enc) :
Pandoc (>= 1.12.3) and/or pandoc-citeproc not available. Falling back to R Markdown v1.
Quitting from lines 89-97 (api-packages.Rmd)
Error: processing vignette 'api-packages.Rmd' failed with diagnostics:
Failed connect to api.github.com:443; Operation now in progress
Execution halted
Flavor: r-oldrel-osx-x86_64