CRAN Package Check Results for Package ibmdbR

Last updated on 2017-12-20 00:46:56 CET.

Flavor Version Tinstall Tcheck Ttotal Status Flags
r-devel-linux-x86_64-debian-clang 1.49.0 5.80 79.86 85.66 OK
r-devel-linux-x86_64-debian-gcc 1.49.0 OK
r-devel-linux-x86_64-fedora-clang 1.49.0 119.64 OK
r-devel-linux-x86_64-fedora-gcc 1.49.0 121.53 OK
r-devel-windows-ix86+x86_64 1.49.0 21.00 108.00 129.00 OK
r-patched-linux-x86_64 1.49.0 6.40 98.85 105.25 OK
r-patched-solaris-x86 1.49.0 178.10 OK
r-release-linux-x86_64 1.49.0 6.50 100.18 106.68 OK
r-release-windows-ix86+x86_64 1.49.0 12.00 106.00 118.00 OK
r-release-osx-x86_64 1.49.0 OK
r-oldrel-windows-ix86+x86_64 1.49.0 17.00 134.00 151.00 OK
r-oldrel-osx-x86_64 1.49.0 ERROR

Check Details

Version: 1.49.0
Check: package dependencies
Result: ERROR
    Package required but not available: ‘RODBC’
    
    See section ‘The DESCRIPTION file’ in the ‘Writing R Extensions’
    manual.
Flavor: r-oldrel-osx-x86_64