Last updated on 2017-12-20 00:46:57 CET.
Flavor | Version | Tinstall | Tcheck | Ttotal | Status | Flags |
---|---|---|---|---|---|---|
r-devel-linux-x86_64-debian-clang | 0.7.0 | 51.27 | 64.73 | 116.00 | NOTE | |
r-devel-linux-x86_64-debian-gcc | 0.7.0 | NOTE | ||||
r-devel-linux-x86_64-fedora-clang | 0.7.1 | 174.96 | NOTE | |||
r-devel-linux-x86_64-fedora-gcc | 0.7.1 | 166.38 | NOTE | |||
r-devel-windows-ix86+x86_64 | 0.7.0 | 126.00 | 104.00 | 230.00 | OK | |
r-patched-linux-x86_64 | 0.7.0 | 50.82 | 72.03 | 122.85 | OK | |
r-patched-solaris-x86 | 0.7.1 | 137.20 | OK | |||
r-release-linux-x86_64 | 0.7.0 | 49.01 | 71.49 | 120.50 | OK | |
r-release-windows-ix86+x86_64 | 0.7.0 | 90.00 | 102.00 | 192.00 | OK | |
r-release-osx-x86_64 | 0.7.0 | NOTE | ||||
r-oldrel-windows-ix86+x86_64 | 0.7.0 | 134.00 | 113.00 | 247.00 | OK | |
r-oldrel-osx-x86_64 | 0.7.0 | NOTE |
Version: 0.7.0
Check: files in ‘vignettes’
Result: NOTE
Files named as vignettes but with no recognized vignette engine:
‘vignettes/iprior2_test.Rmd’
(Is a VignetteBuilder field missing?)
Flavors: r-devel-linux-x86_64-debian-clang, r-devel-linux-x86_64-debian-gcc
Version: 0.7.1
Check: installed package size
Result: NOTE
installed size is 9.9Mb
sub-directories of 1Mb or more:
doc 1.1Mb
libs 8.4Mb
Flavors: r-devel-linux-x86_64-fedora-clang, r-devel-linux-x86_64-fedora-gcc
Version: 0.7.0
Check: installed package size
Result: NOTE
installed size is 8.1Mb
sub-directories of 1Mb or more:
doc 1.1Mb
libs 6.7Mb
Flavors: r-release-osx-x86_64, r-oldrel-osx-x86_64