CRAN Package Check Results for Package ips

Last updated on 2017-12-20 00:46:57 CET.

Flavor Version Tinstall Tcheck Ttotal Status Flags
r-devel-linux-x86_64-debian-clang 0.0-7 2.37 39.29 41.66 NOTE
r-devel-linux-x86_64-debian-gcc 0.0-7 NOTE
r-devel-linux-x86_64-fedora-clang 0.0-7 52.23 NOTE
r-devel-linux-x86_64-fedora-gcc 0.0-7 51.05 NOTE
r-devel-windows-ix86+x86_64 0.0-7 8.00 53.00 61.00 NOTE
r-patched-linux-x86_64 0.0-7 2.46 44.30 46.76 NOTE
r-patched-solaris-x86 0.0-7 68.60 NOTE
r-release-linux-x86_64 0.0-7 2.47 44.25 46.72 NOTE
r-release-windows-ix86+x86_64 0.0-7 4.00 77.00 81.00 NOTE
r-release-osx-x86_64 0.0-7 NOTE
r-oldrel-windows-ix86+x86_64 0.0-7 10.00 63.00 73.00 NOTE
r-oldrel-osx-x86_64 0.0-7 NOTE

Check Details

Version: 0.0-7
Check: R code for possible problems
Result: NOTE
    code.simple.gaps: no visible global function definition for ‘tail’
    multistateMCMC: no visible global function definition for ‘write.table’
    multistateMCMC: no visible global function definition for ‘read.table’
    multistateMCMC: no visible global function definition for ‘tail’
    multistateML: no visible global function definition for ‘tail’
    multistateML: no visible global function definition for ‘write.table’
    multistateML: no visible global function definition for ‘read.table’
    phylo2mafft: no visible global function definition for ‘write.table’
    read.beast : foo: no visible global function definition for ‘head’
    read.beast: no visible global function definition for ‘tail’
    read.starbeast: no visible global function definition for ‘head’
    trimEnds : replaceWithN : getIndex: no visible global function
     definition for ‘head’
    unresolve.clade: no visible global function definition for ‘tail’
    unresolve.clade: no visible global function definition for ‘head’
    write.fas: no visible global function definition for ‘tail’
    Undefined global functions or variables:
     head read.table tail write.table
    Consider adding
     importFrom("utils", "head", "read.table", "tail", "write.table")
    to your NAMESPACE file.
Flavors: r-devel-linux-x86_64-debian-clang, r-devel-linux-x86_64-debian-gcc, r-devel-linux-x86_64-fedora-clang, r-devel-linux-x86_64-fedora-gcc, r-devel-windows-ix86+x86_64, r-patched-linux-x86_64, r-patched-solaris-x86, r-release-linux-x86_64, r-release-windows-ix86+x86_64, r-release-osx-x86_64, r-oldrel-windows-ix86+x86_64, r-oldrel-osx-x86_64