CRAN Package Check Results for Package kergp

Last updated on 2017-12-20 00:46:58 CET.

Flavor Version Tinstall Tcheck Ttotal Status Flags
r-devel-linux-x86_64-debian-clang 0.2.0 4.53 40.23 44.76 NOTE
r-devel-linux-x86_64-debian-gcc 0.2.0 NOTE
r-devel-linux-x86_64-fedora-clang 0.2.0 59.18 NOTE
r-devel-linux-x86_64-fedora-gcc 0.2.0 56.59 NOTE
r-devel-windows-ix86+x86_64 0.2.0 22.00 71.00 93.00 OK
r-patched-linux-x86_64 0.2.0 4.39 45.05 49.44 NOTE
r-patched-solaris-x86 0.2.0 80.00 OK
r-release-linux-x86_64 0.2.0 4.27 44.94 49.21 NOTE
r-release-windows-ix86+x86_64 0.2.0 19.00 77.00 96.00 OK
r-release-osx-x86_64 0.2.0 OK
r-oldrel-windows-ix86+x86_64 0.2.0 32.00 99.00 131.00 OK
r-oldrel-osx-x86_64 0.2.0 OK

Additional issues

rchk

Check Details

Version: 0.2.0
Check: compiled code
Result: NOTE
    File ‘kergp/libs/kergp.so’:
     Found no calls to: ‘R_registerRoutines’, ‘R_useDynamicSymbols’
    
    It is good practice to register native routines and to disable symbol
    search.
    
    See ‘Writing portable packages’ in the ‘Writing R Extensions’ manual.
Flavors: r-devel-linux-x86_64-debian-clang, r-devel-linux-x86_64-debian-gcc, r-devel-linux-x86_64-fedora-clang, r-devel-linux-x86_64-fedora-gcc, r-patched-linux-x86_64, r-release-linux-x86_64