Last updated on 2017-12-20 00:46:58 CET.
Flavor | Version | Tinstall | Tcheck | Ttotal | Status | Flags |
---|---|---|---|---|---|---|
r-devel-linux-x86_64-debian-clang | 1.0.0.1 | 25.46 | 355.81 | 381.27 | OK | |
r-devel-linux-x86_64-debian-gcc | 1.0.0.1 | OK | ||||
r-devel-linux-x86_64-fedora-clang | 1.0.0.1 | 552.85 | NOTE | |||
r-devel-linux-x86_64-fedora-gcc | 1.0.0.1 | 420.68 | NOTE | |||
r-devel-windows-ix86+x86_64 | 1.0.0.1 | 43.00 | 328.00 | 371.00 | OK | |
r-patched-linux-x86_64 | 1.0.0.1 | 24.64 | 252.31 | 276.95 | OK | |
r-patched-solaris-x86 | 1.0.0.1 | 327.50 | WARN | |||
r-release-linux-x86_64 | 1.0.0.1 | 24.64 | 255.03 | 279.67 | OK | |
r-release-windows-ix86+x86_64 | 1.0.0.1 | 33.00 | 352.00 | 385.00 | OK | |
r-release-osx-x86_64 | 1.0.0.1 | OK | ||||
r-oldrel-windows-ix86+x86_64 | 1.0.0.1 | 32.00 | 387.00 | 419.00 | OK | |
r-oldrel-osx-x86_64 | 1.0.0.1 | OK |
Version: 1.0.0.1
Check: DESCRIPTION meta-information
Result: NOTE
Dependence on R version ‘3.3.2’ not with patchlevel 0
Flavors: r-devel-linux-x86_64-fedora-clang, r-devel-linux-x86_64-fedora-gcc
Version: 1.0.0.1
Check: re-building of vignette outputs
Result: WARN
Error in re-building vignettes:
...
Warning in engine$weave(file, quiet = quiet, encoding = enc) :
Pandoc (>= 1.12.3) and/or pandoc-citeproc not available. Falling back to R Markdown v1.
Loading required package: shiny
Loading required package: shinythemes
Loading required package: plyr
Quitting from lines 37-53 (kgc-fine.Rmd)
Error: processing vignette 'kgc-fine.Rmd' failed with diagnostics:
cannot allocate vector of size 640.7 Mb
Execution halted
Flavor: r-patched-solaris-x86