CRAN Package Check Results for Package knockoff

Last updated on 2017-12-20 00:46:58 CET.

Flavor Version Tinstall Tcheck Ttotal Status Flags
r-devel-linux-x86_64-debian-clang 0.3.0 1.17 1452.21 1453.38 OK
r-devel-linux-x86_64-debian-gcc 0.3.0 OK
r-devel-linux-x86_64-fedora-clang 0.3.0 1926.01 OK
r-devel-linux-x86_64-fedora-gcc 0.3.0 1894.76 OK
r-devel-windows-ix86+x86_64 0.3.0 4.00 1433.00 1437.00 NOTE
r-patched-linux-x86_64 0.3.0 1.28 0.00 1.28 FAIL
r-patched-solaris-x86 0.3.0 2537.30 WARN
r-release-linux-x86_64 0.3.0 1.28 0.00 1.28 FAIL
r-release-windows-ix86+x86_64 0.3.0 3.00 1585.00 1588.00 NOTE
r-release-osx-x86_64 0.3.0 FAIL
r-oldrel-windows-ix86+x86_64 0.3.0 6.00 0.00 6.00 FAIL
r-oldrel-osx-x86_64 0.3.0 FAIL

Check Details

Version: 0.3.0
Check: package dependencies
Result: NOTE
    Package suggested but not available for checking: 'doMC'
Flavors: r-devel-windows-ix86+x86_64, r-release-windows-ix86+x86_64, r-oldrel-windows-ix86+x86_64

Version: 0.3.0
Check: re-building of vignette outputs
Result: FAIL
    
Flavors: r-patched-linux-x86_64, r-release-linux-x86_64, r-release-osx-x86_64, r-oldrel-osx-x86_64

Version: 0.3.0
Check: re-building of vignette outputs
Result: WARN
    Error in re-building vignettes:
     ...
    Warning in engine$weave(file, quiet = quiet, encoding = enc) :
     Pandoc (>= 1.12.3) and/or pandoc-citeproc not available. Falling back to R Markdown v1.
    Loading required package: Matrix
    Loading required package: foreach
    Loaded glmnet 2.0-13
Flavor: r-patched-solaris-x86

Version: 0.3.0
Check: re-building of vignette outputs
Result: FAIL
    Check process probably crashed or hung up for 20 minutes ... killed
    Most likely this happened in the example checks (?),
    if not, ignore the following last lines of example output:
    > # Basic usage with default arguments
    > result = knockoff.filter(X, y, knockoffs=knockoffs,
    + statistic=stat.stability_selection)
    > print(result$selected)
     [1] 15 22 27 28 29 31 34 45 59 61 89 99
    >
    > # Advanced usage with custom arguments
    > foo = stat.stability_selection
    > k_stat = function(X, X_k, y) foo(X, X_k, y, fitfun=stabs::lars.lasso)
    > result = knockoff.filter(X, y, knockoffs=knockoffs, statistic=k_stat)
    > print(result$selected)
     [1] 15 22 27 28 29 31 34 45 59 61 65 89 99
    >
    >
    >
    >
    > ### * <FOOTER>
    > ###
    > options(digits = 7L)
    > base::cat("Time elapsed: ", proc.time() - base::get("ptime", pos = 'CheckExEnv'),"\n")
    Time elapsed: 54.82 0.87 55.74 NA NA
    > grDevices::dev.off()
    null device
     1
    > ###
    > ### Local variables: ***
    > ### mode: outline-minor ***
    > ### outline-regexp: "\\(> \\)?### [*]+" ***
    > ### End: ***
    > quit('no')
    ======== End of example output (where/before crash/hang up occured ?) ========
Flavor: r-oldrel-windows-ix86+x86_64