CRAN Package Check Results for Package kza

Last updated on 2017-12-20 00:46:58 CET.

Flavor Version Tinstall Tcheck Ttotal Status Flags
r-devel-linux-x86_64-debian-clang 4.0.0 2.43 22.37 24.80 NOTE
r-devel-linux-x86_64-debian-gcc 4.0.0 NOTE
r-devel-linux-x86_64-fedora-clang 4.0.0 30.99 NOTE
r-devel-linux-x86_64-fedora-gcc 4.0.0 31.74 NOTE
r-devel-windows-ix86+x86_64 4.0.0 11.00 53.00 64.00 OK
r-patched-linux-x86_64 4.0.0 2.31 23.80 26.11 NOTE
r-patched-solaris-x86 4.0.0 50.30 OK
r-release-linux-x86_64 4.0.0 2.26 23.75 26.01 NOTE
r-release-windows-ix86+x86_64 4.0.0 11.00 51.00 62.00 OK
r-release-osx-x86_64 4.0.0 OK
r-oldrel-windows-ix86+x86_64 4.0.0 13.00 58.00 71.00 OK
r-oldrel-osx-x86_64 4.0.0 OK

Check Details

Version: 4.0.0
Check: compiled code
Result: NOTE
    File ‘kza/libs/kza.so’:
     Found no call to: ‘R_useDynamicSymbols’
    
    It is good practice to register native routines and to disable symbol
    search.
    
    See ‘Writing portable packages’ in the ‘Writing R Extensions’ manual.
Flavors: r-devel-linux-x86_64-debian-clang, r-devel-linux-x86_64-debian-gcc, r-devel-linux-x86_64-fedora-clang, r-devel-linux-x86_64-fedora-gcc, r-patched-linux-x86_64, r-release-linux-x86_64