Last updated on 2017-12-20 00:46:58 CET.
Flavor | Version | Tinstall | Tcheck | Ttotal | Status | Flags |
---|---|---|---|---|---|---|
r-devel-linux-x86_64-debian-clang | 0.4.2 | 4.17 | 68.74 | 72.91 | OK | |
r-devel-linux-x86_64-debian-gcc | 0.4.2 | OK | ||||
r-devel-linux-x86_64-fedora-clang | 0.4.2 | 97.60 | NOTE | |||
r-devel-linux-x86_64-fedora-gcc | 0.4.2 | 98.62 | NOTE | |||
r-devel-windows-ix86+x86_64 | 0.4.2 | 14.00 | 84.00 | 98.00 | OK | |
r-patched-linux-x86_64 | 0.4.2 | 3.94 | 79.73 | 83.67 | OK | |
r-patched-solaris-x86 | 0.4.2 | 120.30 | OK | |||
r-release-linux-x86_64 | 0.4.2 | 3.64 | 79.00 | 82.64 | OK | |
r-release-windows-ix86+x86_64 | 0.4.2 | 9.00 | 87.00 | 96.00 | OK | |
r-release-osx-x86_64 | 0.4.2 | OK | ||||
r-oldrel-windows-ix86+x86_64 | 0.4.2 | 25.00 | 114.00 | 139.00 | OK | |
r-oldrel-osx-x86_64 | 0.4.2 | ERROR |
Version: 0.4.2
Check: DESCRIPTION meta-information
Result: NOTE
Dependence on R version ‘3.3.3’ not with patchlevel 0
Flavors: r-devel-linux-x86_64-fedora-clang, r-devel-linux-x86_64-fedora-gcc
Version: 0.4.2
Check: whether package can be installed
Result: ERROR
Installation failed.
Flavor: r-oldrel-osx-x86_64