Last updated on 2017-12-20 00:46:58 CET.
Flavor | Version | Tinstall | Tcheck | Ttotal | Status | Flags |
---|---|---|---|---|---|---|
r-devel-linux-x86_64-debian-clang | 0.6.3 | 5.17 | 24.97 | 30.14 | OK | |
r-devel-linux-x86_64-debian-gcc | 0.6.3 | OK | ||||
r-devel-linux-x86_64-fedora-clang | 0.6.3 | 40.32 | NOTE | |||
r-devel-linux-x86_64-fedora-gcc | 0.6.3 | 38.97 | NOTE | |||
r-devel-windows-ix86+x86_64 | 0.6.3 | 10.00 | 38.00 | 48.00 | OK | |
r-patched-linux-x86_64 | 0.6.3 | 6.33 | 26.41 | 32.74 | OK | |
r-patched-solaris-x86 | 0.6.3 | 56.40 | NOTE | |||
r-release-linux-x86_64 | 0.6.3 | 5.83 | 26.33 | 32.16 | OK | |
r-release-windows-ix86+x86_64 | 0.6.3 | 10.00 | 40.00 | 50.00 | OK | |
r-release-osx-x86_64 | 0.6.3 | NOTE | ||||
r-oldrel-windows-ix86+x86_64 | 0.6.3 | 13.00 | 56.00 | 69.00 | OK | |
r-oldrel-osx-x86_64 | 0.6.3 | NOTE |
Version: 0.6.3
Check: data for non-ASCII characters
Result: NOTE
Note: found 32 marked UTF-8 strings
Flavors: r-devel-linux-x86_64-fedora-clang, r-devel-linux-x86_64-fedora-gcc, r-patched-solaris-x86, r-release-osx-x86_64, r-oldrel-osx-x86_64