Last updated on 2017-12-20 00:46:59 CET.
Flavor | Version | Tinstall | Tcheck | Ttotal | Status | Flags |
---|---|---|---|---|---|---|
r-devel-linux-x86_64-debian-clang | 0.1.0 | 3.81 | 55.34 | 59.15 | OK | |
r-devel-linux-x86_64-debian-gcc | 0.1.0 | OK | ||||
r-devel-linux-x86_64-fedora-clang | 0.1.0 | 88.57 | NOTE | |||
r-devel-linux-x86_64-fedora-gcc | 0.1.0 | 86.27 | NOTE | |||
r-devel-windows-ix86+x86_64 | 0.1.0 | 12.00 | 70.00 | 82.00 | OK | |
r-patched-linux-x86_64 | 0.1.0 | 3.86 | 69.71 | 73.57 | OK | |
r-patched-solaris-x86 | 0.1.0 | 132.10 | NOTE | |||
r-release-linux-x86_64 | 0.1.0 | 3.74 | 67.87 | 71.61 | OK | |
r-release-windows-ix86+x86_64 | 0.1.0 | 8.00 | 83.00 | 91.00 | OK | |
r-release-osx-x86_64 | 0.1.0 | NOTE | ||||
r-oldrel-windows-ix86+x86_64 | 0.1.0 | 13.00 | 91.00 | 104.00 | OK | |
r-oldrel-osx-x86_64 | 0.1.0 | NOTE |
Version: 0.1.0
Check: dependencies in R code
Result: NOTE
Namespace in Imports field not imported from: ‘boot’
All declared Imports should be used.
Flavors: r-devel-linux-x86_64-fedora-clang, r-devel-linux-x86_64-fedora-gcc, r-patched-solaris-x86, r-release-osx-x86_64, r-oldrel-osx-x86_64