CRAN Package Check Results for Package logspline

Last updated on 2017-12-20 00:46:59 CET.

Flavor Version Tinstall Tcheck Ttotal Status Flags
r-devel-linux-x86_64-debian-clang 2.1.9 8.96 19.53 28.49 NOTE
r-devel-linux-x86_64-debian-gcc 2.1.9 NOTE
r-devel-linux-x86_64-fedora-clang 2.1.9 38.39 WARN
r-devel-linux-x86_64-fedora-gcc 2.1.9 34.20 NOTE
r-devel-windows-ix86+x86_64 2.1.9 22.00 39.00 61.00 NOTE
r-patched-linux-x86_64 2.1.9 10.95 20.25 31.20 NOTE
r-patched-solaris-x86 2.1.9 45.80 NOTE
r-release-linux-x86_64 2.1.9 11.01 20.79 31.80 NOTE
r-release-windows-ix86+x86_64 2.1.9 20.00 40.00 60.00 NOTE
r-release-osx-x86_64 2.1.9 NOTE
r-oldrel-windows-ix86+x86_64 2.1.9 20.00 32.00 52.00 NOTE
r-oldrel-osx-x86_64 2.1.9 NOTE

Check Details

Version: 2.1.9
Check: DESCRIPTION meta-information
Result: NOTE
    Malformed Description field: should contain one or more complete sentences.
Flavors: r-devel-linux-x86_64-debian-clang, r-devel-linux-x86_64-debian-gcc, r-devel-linux-x86_64-fedora-clang, r-devel-linux-x86_64-fedora-gcc, r-devel-windows-ix86+x86_64, r-patched-linux-x86_64, r-patched-solaris-x86, r-release-linux-x86_64, r-release-windows-ix86+x86_64, r-release-osx-x86_64, r-oldrel-windows-ix86+x86_64, r-oldrel-osx-x86_64

Version: 2.1.9
Check: compiled code
Result: NOTE
    File ‘logspline/libs/logspline.so’:
     Found no calls to: ‘R_registerRoutines’, ‘R_useDynamicSymbols’
    
    It is good practice to register native routines and to disable symbol
    search.
    
    See ‘Writing portable packages’ in the ‘Writing R Extensions’ manual.
Flavors: r-devel-linux-x86_64-debian-clang, r-devel-linux-x86_64-debian-gcc, r-devel-linux-x86_64-fedora-clang, r-devel-linux-x86_64-fedora-gcc, r-patched-linux-x86_64, r-release-linux-x86_64

Version: 2.1.9
Check: whether package can be installed
Result: WARN
    Found the following significant warnings:
     lsdall.c:2078:21: warning: explicitly assigning value of variable of type 'int' to itself [-Wself-assign]
     nlsd.c:2200:9: warning: explicitly assigning value of variable of type 'int' to itself [-Wself-assign]
     nlsd.c:2209:12: warning: explicitly assigning value of variable of type 'int' to itself [-Wself-assign]
     nlsd.c:2219:9: warning: explicitly assigning value of variable of type 'int' to itself [-Wself-assign]
     nlsd.c:2225:9: warning: explicitly assigning value of variable of type 'int' to itself [-Wself-assign]
Flavor: r-devel-linux-x86_64-fedora-clang