Last updated on 2017-12-20 00:46:59 CET.
Flavor | Version | Tinstall | Tcheck | Ttotal | Status | Flags |
---|---|---|---|---|---|---|
r-devel-linux-x86_64-debian-clang | 2.4.1 | 2.56 | 53.23 | 55.79 | OK | |
r-devel-linux-x86_64-debian-gcc | 2.4.1 | OK | ||||
r-devel-linux-x86_64-fedora-clang | 2.4.1 | 72.89 | OK | |||
r-devel-linux-x86_64-fedora-gcc | 2.4.1 | 71.72 | OK | |||
r-devel-windows-ix86+x86_64 | 2.4.1 | 9.00 | 63.00 | 72.00 | OK | |
r-patched-linux-x86_64 | 2.4.1 | 2.63 | 63.28 | 65.91 | OK | |
r-patched-solaris-x86 | 2.4.1 | 87.10 | OK | |||
r-release-linux-x86_64 | 2.4.1 | 2.91 | 62.22 | 65.13 | OK | |
r-release-windows-ix86+x86_64 | 2.4.1 | 7.00 | 70.00 | 77.00 | OK | |
r-release-osx-x86_64 | 2.4.1 | OK | ||||
r-oldrel-windows-ix86+x86_64 | 2.4.1 | 14.00 | 81.00 | 95.00 | OK | |
r-oldrel-osx-x86_64 | 2.4.1 | WARN |
Version: 2.4.1
Check: whether package can be installed
Result: WARN
Found the following significant warnings:
Warning: 'rgl_init' failed, running with rgl.useNULL = TRUE
Flavor: r-oldrel-osx-x86_64
Version: 2.4.1
Check: dependencies in R code
Result: NOTE
Invalid MIT-MAGIC-COOKIE-1 key
Flavor: r-oldrel-osx-x86_64
Version: 2.4.1
Check: S3 generic/method consistency
Result: WARN
Invalid MIT-MAGIC-COOKIE-1 key
See section ‘Generic functions and methods’ in the ‘Writing R
Extensions’ manual.
Flavor: r-oldrel-osx-x86_64
Version: 2.4.1
Check: replacement functions
Result: WARN
Invalid MIT-MAGIC-COOKIE-1 key
The argument of a replacement function which corresponds to the right
hand side must be named ‘value’.
Flavor: r-oldrel-osx-x86_64
Version: 2.4.1
Check: foreign function calls
Result: NOTE
Invalid MIT-MAGIC-COOKIE-1 key
See chapter ‘System and foreign language interfaces’ in the ‘Writing R
Extensions’ manual.
Flavor: r-oldrel-osx-x86_64
Version: 2.4.1
Check: R code for possible problems
Result: NOTE
Invalid MIT-MAGIC-COOKIE-1 key
Flavor: r-oldrel-osx-x86_64
Version: 2.4.1
Check: for missing documentation entries
Result: WARN
Invalid MIT-MAGIC-COOKIE-1 key
All user-level objects in a package should have documentation entries.
See chapter ‘Writing R documentation files’ in the ‘Writing R
Extensions’ manual.
Flavor: r-oldrel-osx-x86_64
Version: 2.4.1
Check: for code/documentation mismatches
Result: WARN
Invalid MIT-MAGIC-COOKIE-1 key
Invalid MIT-MAGIC-COOKIE-1 key
Invalid MIT-MAGIC-COOKIE-1 key
Flavor: r-oldrel-osx-x86_64
Version: 2.4.1
Check: Rd \usage sections
Result: NOTE
Invalid MIT-MAGIC-COOKIE-1 key
The \usage entries for S3 methods should use the \method markup and not
their full name.
See chapter ‘Writing R documentation files’ in the ‘Writing R
Extensions’ manual.
Flavor: r-oldrel-osx-x86_64