CRAN Package Check Results for Package maboost

Last updated on 2017-12-20 00:46:59 CET.

Flavor Version Tinstall Tcheck Ttotal Status Flags
r-devel-linux-x86_64-debian-clang 1.0-0 3.77 46.07 49.84 NOTE
r-devel-linux-x86_64-debian-gcc 1.0-0 NOTE
r-devel-linux-x86_64-fedora-clang 1.0-0 72.82 NOTE
r-devel-linux-x86_64-fedora-gcc 1.0-0 68.33 NOTE
r-devel-windows-ix86+x86_64 1.0-0 10.00 65.00 75.00 NOTE
r-patched-linux-x86_64 1.0-0 4.16 55.54 59.70 NOTE
r-patched-solaris-x86 1.0-0 119.90 NOTE
r-release-linux-x86_64 1.0-0 3.53 54.98 58.51 NOTE
r-release-windows-ix86+x86_64 1.0-0 6.00 89.00 95.00 NOTE
r-release-osx-x86_64 1.0-0 NOTE
r-oldrel-windows-ix86+x86_64 1.0-0 11.00 78.00 89.00 NOTE
r-oldrel-osx-x86_64 1.0-0 NOTE

Check Details

Version: 1.0-0
Check: DESCRIPTION meta-information
Result: NOTE
    Malformed Description field: should contain one or more complete sentences.
Flavors: r-devel-linux-x86_64-debian-clang, r-devel-linux-x86_64-debian-gcc, r-devel-linux-x86_64-fedora-clang, r-devel-linux-x86_64-fedora-gcc, r-devel-windows-ix86+x86_64, r-patched-linux-x86_64, r-patched-solaris-x86, r-release-linux-x86_64, r-release-windows-ix86+x86_64, r-release-osx-x86_64, r-oldrel-windows-ix86+x86_64, r-oldrel-osx-x86_64

Version: 1.0-0
Check: R code for possible problems
Result: NOTE
    maboost.default: no visible global function definition for
     ‘flush.console’
    maboost.default: no visible binding for global variable ‘na.pass’
    maboost.default : predict.type: no visible global function definition
     for ‘predict’
    maboost.formula: no visible global function definition for
     ‘model.extract’
    maboost.machine.bin: no visible global function definition for ‘runif’
    maboost.machine.bin: no visible binding for global variable ‘na.pass’
    maboost.machine.multi: no visible global function definition for
     ‘runif’
    maboost.machine.multi: no visible binding for global variable ‘na.pass’
    projsplx_k: no visible global function definition for ‘tail’
    varplot.maboost: no visible global function definition for ‘dotchart’
    Undefined global functions or variables:
     dotchart flush.console model.extract na.pass predict runif tail
    Consider adding
     importFrom("graphics", "dotchart")
     importFrom("stats", "model.extract", "na.pass", "predict", "runif")
     importFrom("utils", "flush.console", "tail")
    to your NAMESPACE file.
Flavors: r-devel-linux-x86_64-debian-clang, r-devel-linux-x86_64-debian-gcc, r-devel-linux-x86_64-fedora-clang, r-devel-linux-x86_64-fedora-gcc, r-devel-windows-ix86+x86_64, r-patched-linux-x86_64, r-patched-solaris-x86, r-release-linux-x86_64, r-release-windows-ix86+x86_64, r-release-osx-x86_64, r-oldrel-windows-ix86+x86_64, r-oldrel-osx-x86_64