CRAN Package Check Results for Package mapmisc

Last updated on 2017-12-20 00:47:00 CET.

Flavor Version Tinstall Tcheck Ttotal Status Flags
r-devel-linux-x86_64-debian-clang 1.6.3 5.15 306.53 311.68 OK
r-devel-linux-x86_64-debian-gcc 1.6.3 WARN
r-devel-linux-x86_64-fedora-clang 1.6.3 369.49 OK
r-devel-linux-x86_64-fedora-gcc 1.6.3 368.65 OK
r-devel-windows-ix86+x86_64 1.6.3 15.00 317.00 332.00 OK
r-patched-linux-x86_64 1.6.3 4.30 341.89 346.19 OK
r-patched-solaris-x86 1.6.3 521.70 OK
r-release-linux-x86_64 1.6.3 5.58 340.18 345.76 OK
r-release-windows-ix86+x86_64 1.6.3 10.00 308.00 318.00 WARN
r-release-osx-x86_64 1.6.3 OK
r-oldrel-windows-ix86+x86_64 1.6.3 9.00 389.00 398.00 OK
r-oldrel-osx-x86_64 1.6.3 OK

Check Details

Version: 1.6.3
Check: re-building of vignette outputs
Result: WARN
    Error in re-building vignettes:
     ...
    Error in .local(.Object, ...) :
    
    Error in .local(.Object, ...) :
    
    Error in .local(.Object, ...) :
    
    Error in .local(.Object, ...) :
    
    Error in .local(.Object, ...) :
    
    Error in .local(.Object, ...) :
    
    Error in .local(.Object, ...) :
    
    Error in .local(.Object, ...) :
    
    Error in .local(.Object, ...) :
    
    Error in .local(.Object, ...) :
    
    Error in .local(.Object, ...) :
    
    Error in .local(.Object, ...) :
    
    Error in .local(.Object, ...) :
    
    Error in .local(.Object, ...) :
    
    Error in .local(.Object, ...) :
    
    Error in .local(.Object, ...) :
    
    Error in .local(.Object, ...) :
    
    Error in .local(.Object, ...) :
    
    Error in .local(.Object, ...) :
    
    Error in .local(.Object, ...) :
    
    Error in .local(.Object, ...) :
    
    Error in .local(.Object, ...) :
    
    Error in .local(.Object, ...) :
    
    Error in .local(.Object, ...) :
    
    Error in .local(.Object, ...) :
    
    Error in .local(.Object, ...) :
    
    Error in .local(.Object, ...) :
    
    Error in .local(.Object, ...) :
    
    Error in .local(.Object, ...) :
    
    Error in .local(.Object, ...) :
    
    Error in .local(.Object, ...) :
    
    Error in .local(.Object, ...) :
    
    Error in .local(.Object, ...) :
    
    Error in .local(.Object, ...) :
    
    Error in .local(.Object, ...) :
    
    Error in .local(.Object, ...) :
    
    Quitting from lines 110-131 (north.Rmd)
    Error: processing vignette ‘north.Rmd’ failed with diagnostics:
    missing value where TRUE/FALSE needed
    Execution halted
Flavor: r-devel-linux-x86_64-debian-gcc

Version: 1.6.3
Check: re-building of vignette outputs
Result: WARN
    Error in re-building vignettes:
     ...
    2[][],[] []legend.line[][]=[][]0[][],)[][]
    [3] <use "figure/simpleMap-1.png" > <use "figure/simpleMap-2.png" >
    <use "figure/simpleMap-3.png" > [4] <use "figure/meuseLegends-1.png" >
    <use "figure/meuseLegends-2.png" > <use "figure/meuseLegends-3.png" >
    [5] (D:/RCompile/recent/R-3.4.3/share/texmf/tex/latex\omscmtt.fd)
    <use "figure/rotatedMap-1.png" > <use "figure/rotatedMap-2.png" >
    
    LaTeX Warning: `h' float specifier changed to `ht'.
    
    [6] <use "figure/inset-1.png" > <use "figure/inset-2.png" >
    
    LaTeX Warning: `h' float specifier changed to `ht'.
    
    [7] [8] (mapmisc.aux) )
    (see the transcript file for additional information)
    Output written on mapmisc.pdf (8 pages).
    Transcript written on mapmisc.log.
    R --slave -e "tools::compactPDF('mapmisc.pdf', gs_quality='ebook')"
    Die Syntax f<c2><81>r den Dateinamen, Verzeichnisnamen oder die Datentr<c2><84>gerbezeichnung ist falsch.
    make[1]: *** [mapmisc.pdf] Error 1
    make[1]: Leaving directory `/cygdrive/d/RCompile/CRANpkg/local/3.4/mapmisc.Rcheck/vign_test/mapmisc/vignettes'
    Warning: running command 'make' had status 2
    Error in buildVignettes(dir = "d:/Rcompile/CRANpkg/local/3.4/mapmisc.Rcheck/vign_test/mapmisc") :
     running 'make' failed
    Execution halted
Flavor: r-release-windows-ix86+x86_64