Last updated on 2017-12-20 00:47:00 CET.
Flavor | Version | Tinstall | Tcheck | Ttotal | Status | Flags |
---|---|---|---|---|---|---|
r-devel-linux-x86_64-debian-clang | 3.0.1 | 12.63 | 47.72 | 60.35 | NOTE | |
r-devel-linux-x86_64-debian-gcc | 3.0.1 | NOTE | ||||
r-devel-linux-x86_64-fedora-clang | 3.0.1 | 81.94 | NOTE | |||
r-devel-linux-x86_64-fedora-gcc | 3.0.1 | 76.81 | NOTE | |||
r-devel-windows-ix86+x86_64 | 3.0.1 | 51.00 | 96.00 | 147.00 | OK | |
r-patched-linux-x86_64 | 3.0.1 | 13.37 | 50.37 | 63.74 | NOTE | |
r-patched-solaris-x86 | 3.0.1 | 98.20 | OK | |||
r-release-linux-x86_64 | 3.0.1 | 13.49 | 50.49 | 63.98 | NOTE | |
r-release-windows-ix86+x86_64 | 3.0.1 | 35.00 | 126.00 | 161.00 | OK | |
r-release-osx-x86_64 | 3.0.1 | OK | ||||
r-oldrel-windows-ix86+x86_64 | 3.0.1 | 37.00 | 127.00 | 164.00 | OK | |
r-oldrel-osx-x86_64 | 3.0.1 | OK |
Version: 3.0.1
Check: compiled code
Result: NOTE
File ‘mcga/libs/mcga.so’:
Found no calls to: ‘R_registerRoutines’, ‘R_useDynamicSymbols’
It is good practice to register native routines and to disable symbol
search.
See ‘Writing portable packages’ in the ‘Writing R Extensions’ manual.
Flavors: r-devel-linux-x86_64-debian-clang, r-devel-linux-x86_64-debian-gcc, r-devel-linux-x86_64-fedora-clang, r-devel-linux-x86_64-fedora-gcc, r-patched-linux-x86_64, r-release-linux-x86_64