CRAN Package Check Results for Package medflex

Last updated on 2017-12-20 00:47:00 CET.

Flavor Version Tinstall Tcheck Ttotal Status Flags
r-devel-linux-x86_64-debian-clang 0.6-4 6.03 89.06 95.09 OK
r-devel-linux-x86_64-debian-gcc 0.6-4 OK
r-devel-linux-x86_64-fedora-clang 0.6-4 131.98 OK
r-devel-linux-x86_64-fedora-gcc 0.6-4 131.56 OK
r-devel-windows-ix86+x86_64 0.6-4 17.00 115.00 132.00 OK
r-patched-linux-x86_64 0.6-4 7.08 104.30 111.38 OK
r-patched-solaris-x86 0.6-4 194.70 OK
r-release-linux-x86_64 0.6-4 6.46 103.28 109.74 OK
r-release-windows-ix86+x86_64 0.6-4 11.00 106.00 117.00 OK
r-release-osx-x86_64 0.6-4 NOTE
r-oldrel-windows-ix86+x86_64 0.6-4 18.00 134.00 152.00 OK
r-oldrel-osx-x86_64 0.6-4 OK

Check Details

Version: 0.6-4
Check: re-building of vignette outputs
Result: NOTE
    Error in re-building vignettes:
     ...
    
    Effect decomposition on the scale of the linear predictor
    conditional on: gender, educ, age
    with x* = 0, x = 1
    
    Effect decomposition on exp(scale of the linear predictor)
    conditional on: gender, educ, age
    with x* = 0, x = 1
    
    Error in texi2dvi(file = file, pdf = TRUE, clean = clean, quiet = quiet, :
     Running 'texi2dvi' on 'medflex.tex' failed.
    LaTeX errors:
    ! LaTeX Error: File `nccmath.sty' not found.
    
    Type X to quit or <RETURN> to proceed,
    or enter new name. (Default extension: sty)
    
    ! Emergency stop.
    <read *>
    
    l.12 ^^M
    
    ! ==> Fatal error occurred, no output PDF file produced!
    Calls: buildVignettes -> texi2pdf -> texi2dvi
    Execution halted
Flavor: r-release-osx-x86_64