CRAN Package Check Results for Package merTools

Last updated on 2017-12-20 00:47:00 CET.

Flavor Version Tinstall Tcheck Ttotal Status Flags
r-devel-linux-x86_64-debian-clang 0.3.0 5.37 678.38 683.75 OK
r-devel-linux-x86_64-debian-gcc 0.3.0 OK
r-devel-linux-x86_64-fedora-clang 0.3.0 864.47 OK
r-devel-linux-x86_64-fedora-gcc 0.3.0 866.00 OK
r-devel-windows-ix86+x86_64 0.3.0 19.00 220.00 239.00 OK --no-vignettes
r-patched-linux-x86_64 0.3.0 5.77 760.85 766.62 OK
r-patched-solaris-x86 0.3.0 1292.50 OK
r-release-linux-x86_64 0.3.0 5.71 752.60 758.31 OK
r-release-windows-ix86+x86_64 0.3.0 11.00 370.00 381.00 OK --no-vignettes
r-release-osx-x86_64 0.3.0 WARN
r-oldrel-windows-ix86+x86_64 0.3.0 22.00 338.00 360.00 OK --no-vignettes
r-oldrel-osx-x86_64 0.3.0 OK

Check Details

Version: 0.3.0
Check: package dependencies
Result: NOTE
    Package suggested but not available for checking: ‘rstanarm’
Flavor: r-release-osx-x86_64

Version: 0.3.0
Check: re-building of vignette outputs
Result: WARN
    Error in re-building vignettes:
     ...
    
    arm (Version 1.9-3, built: 2016-11-21)
    
    Working directory is /Volumes/XT3/Builds/R-dev-web/QA/Simon/packages/el-capitan-x86_64/results/3.4/merTools.Rcheck/vign_test/merTools/vignettes
    
    Loading required package: dplyr
    
    Attaching package: 'dplyr'
    
    The following object is masked from 'package:MASS':
    
     select
    
    The following objects are masked from 'package:stats':
    
     filter, lag
    
    The following objects are masked from 'package:base':
    
     intersect, setdiff, setequal, union
    
    Quitting from lines 320-333 (Using_predictInterval.Rmd)
    Error: processing vignette 'Using_predictInterval.Rmd' failed with diagnostics:
    there is no package called 'rstanarm'
    Execution halted
Flavor: r-release-osx-x86_64