CRAN Package Check Results for Package minimaxdesign

Last updated on 2017-12-20 00:47:01 CET.

Flavor Version Tinstall Tcheck Ttotal Status Flags
r-devel-linux-x86_64-debian-clang 0.1.3 42.70 18.66 61.36 OK
r-devel-linux-x86_64-debian-gcc 0.1.3 OK
r-devel-linux-x86_64-fedora-clang 0.1.3 97.12 NOTE
r-devel-linux-x86_64-fedora-gcc 0.1.3 91.80 NOTE
r-devel-windows-ix86+x86_64 0.1.3 141.00 46.00 187.00 OK
r-patched-linux-x86_64 0.1.3 47.72 19.90 67.62 OK
r-patched-solaris-x86 0.1.3 91.60 NOTE
r-release-linux-x86_64 0.1.3 48.89 20.33 69.22 OK
r-release-windows-ix86+x86_64 0.1.3 99.00 49.00 148.00 OK
r-release-osx-x86_64 0.1.3 NOTE
r-oldrel-windows-ix86+x86_64 0.1.3 96.00 58.00 154.00 OK
r-oldrel-osx-x86_64 0.1.3 NOTE

Check Details

Version: 0.1.3
Check: dependencies in R code
Result: NOTE
    Namespaces in Imports field not imported from:
     ‘DiceDesign’ ‘MaxPro’ ‘doSNOW’ ‘jpeg’
     All declared Imports should be used.
Flavors: r-devel-linux-x86_64-fedora-clang, r-devel-linux-x86_64-fedora-gcc, r-patched-solaris-x86, r-release-osx-x86_64, r-oldrel-osx-x86_64