CRAN Package Check Results for Package mkde

Last updated on 2017-12-20 00:47:02 CET.

Flavor Version Tinstall Tcheck Ttotal Status Flags
r-devel-linux-x86_64-debian-clang 0.1 11.44 58.93 70.37 NOTE
r-devel-linux-x86_64-debian-gcc 0.1 NOTE
r-devel-linux-x86_64-fedora-clang 0.1 97.01 NOTE
r-devel-linux-x86_64-fedora-gcc 0.1 94.20 NOTE
r-devel-windows-ix86+x86_64 0.1 42.00 117.00 159.00 NOTE
r-patched-linux-x86_64 0.1 12.14 68.90 81.04 NOTE
r-patched-solaris-x86 0.1 133.30 NOTE
r-release-linux-x86_64 0.1 12.60 69.39 81.99 NOTE
r-release-windows-ix86+x86_64 0.1 26.00 158.00 184.00 NOTE
r-release-osx-x86_64 0.1 NOTE
r-oldrel-windows-ix86+x86_64 0.1 28.00 151.00 179.00 NOTE
r-oldrel-osx-x86_64 0.1 NOTE

Additional issues

clang-UBSAN gcc-UBSAN

Check Details

Version: 0.1
Check: DESCRIPTION meta-information
Result: NOTE
    Malformed Title field: should not end in a period.
Flavors: r-devel-linux-x86_64-debian-clang, r-devel-linux-x86_64-debian-gcc, r-devel-linux-x86_64-fedora-clang, r-devel-linux-x86_64-fedora-gcc, r-devel-windows-ix86+x86_64, r-patched-linux-x86_64, r-patched-solaris-x86, r-release-linux-x86_64, r-release-windows-ix86+x86_64, r-release-osx-x86_64, r-oldrel-windows-ix86+x86_64, r-oldrel-osx-x86_64

Version: 0.1
Check: R code for possible problems
Result: NOTE
    computeContourValues: no visible global function definition for
     ‘na.omit’
    deselectNonMovementSteps : coOccurProb: no visible global function
     definition for ‘dnorm’
    deselectNonMovementSteps: no visible global function definition for
     ‘pnorm’
    estVarMKDE: no visible global function definition for ‘na.omit’
    estVarMKDE: no visible global function definition for ‘qnorm’
    estVarMKDE: no visible global function definition for ‘optimize’
    plotMKDE: no visible global function definition for ‘rainbow’
    Undefined global functions or variables:
     dnorm na.omit optimize pnorm qnorm rainbow
    Consider adding
     importFrom("grDevices", "rainbow")
     importFrom("stats", "dnorm", "na.omit", "optimize", "pnorm", "qnorm")
    to your NAMESPACE file.
Flavors: r-devel-linux-x86_64-debian-clang, r-devel-linux-x86_64-debian-gcc, r-devel-linux-x86_64-fedora-clang, r-devel-linux-x86_64-fedora-gcc, r-devel-windows-ix86+x86_64, r-patched-linux-x86_64, r-patched-solaris-x86, r-release-linux-x86_64, r-release-windows-ix86+x86_64, r-release-osx-x86_64, r-oldrel-windows-ix86+x86_64, r-oldrel-osx-x86_64

Version: 0.1
Check: compiled code
Result: NOTE
    File ‘mkde/libs/mkde.so’:
     Found no calls to: ‘R_registerRoutines’, ‘R_useDynamicSymbols’
    
    It is good practice to register native routines and to disable symbol
    search.
    
    See ‘Writing portable packages’ in the ‘Writing R Extensions’ manual.
Flavors: r-devel-linux-x86_64-debian-clang, r-devel-linux-x86_64-debian-gcc, r-devel-linux-x86_64-fedora-clang, r-devel-linux-x86_64-fedora-gcc, r-patched-linux-x86_64, r-release-linux-x86_64