Last updated on 2017-12-20 00:47:02 CET.
Flavor | Version | Tinstall | Tcheck | Ttotal | Status | Flags |
---|---|---|---|---|---|---|
r-devel-linux-x86_64-debian-clang | 1.2.5 | 2.24 | 352.05 | 354.29 | NOTE | |
r-devel-linux-x86_64-debian-gcc | 1.2.5 | NOTE | ||||
r-devel-linux-x86_64-fedora-clang | 1.2.5 | 451.77 | NOTE | |||
r-devel-linux-x86_64-fedora-gcc | 1.2.5 | 426.10 | NOTE | |||
r-devel-windows-ix86+x86_64 | 1.2.5 | 11.00 | 46.00 | 57.00 | OK | --no-vignettes |
r-patched-linux-x86_64 | 1.2.5 | 2.43 | 378.69 | 381.12 | NOTE | |
r-patched-solaris-x86 | 1.2.5 | 1831.00 | OK | |||
r-release-linux-x86_64 | 1.2.5 | 2.00 | 381.28 | 383.28 | NOTE | |
r-release-windows-ix86+x86_64 | 1.2.5 | 7.00 | 73.00 | 80.00 | OK | --no-vignettes |
r-release-osx-x86_64 | 1.2.5 | OK | ||||
r-oldrel-windows-ix86+x86_64 | 1.2.5 | 15.00 | 58.00 | 73.00 | OK | --no-vignettes |
r-oldrel-osx-x86_64 | 1.2.5 | OK |
Version: 1.2.5
Check: compiled code
Result: NOTE
File ‘mnlogit/libs/mnlogit.so’:
Found no calls to: ‘R_registerRoutines’, ‘R_useDynamicSymbols’
It is good practice to register native routines and to disable symbol
search.
See ‘Writing portable packages’ in the ‘Writing R Extensions’ manual.
Flavors: r-devel-linux-x86_64-debian-clang, r-devel-linux-x86_64-debian-gcc, r-devel-linux-x86_64-fedora-clang, r-devel-linux-x86_64-fedora-gcc, r-patched-linux-x86_64, r-release-linux-x86_64