CRAN Package Check Results for Package monomvn

Last updated on 2017-12-20 00:47:03 CET.

Flavor Version Tinstall Tcheck Ttotal Status Flags
r-devel-linux-x86_64-debian-clang 1.9-7 7.39 46.23 53.62 NOTE
r-devel-linux-x86_64-debian-gcc 1.9-7 NOTE
r-devel-linux-x86_64-fedora-clang 1.9-7 70.95 NOTE
r-devel-linux-x86_64-fedora-gcc 1.9-7 67.57 NOTE
r-devel-windows-ix86+x86_64 1.9-7 43.00 75.00 118.00 OK
r-patched-linux-x86_64 1.9-7 6.72 50.16 56.88 NOTE
r-patched-solaris-x86 1.9-7 95.40 OK
r-release-linux-x86_64 1.9-7 6.87 50.03 56.90 NOTE
r-release-windows-ix86+x86_64 1.9-7 26.00 100.00 126.00 OK
r-release-osx-x86_64 1.9-7 OK
r-oldrel-windows-ix86+x86_64 1.9-7 28.00 96.00 124.00 OK
r-oldrel-osx-x86_64 1.9-7 OK

Check Details

Version: 1.9-7
Check: compiled code
Result: NOTE
    File ‘monomvn/libs/monomvn.so’:
     Found no calls to: ‘R_registerRoutines’, ‘R_useDynamicSymbols’
    
    It is good practice to register native routines and to disable symbol
    search.
    
    See ‘Writing portable packages’ in the ‘Writing R Extensions’ manual.
Flavors: r-devel-linux-x86_64-debian-clang, r-devel-linux-x86_64-debian-gcc, r-devel-linux-x86_64-fedora-clang, r-devel-linux-x86_64-fedora-gcc, r-patched-linux-x86_64, r-release-linux-x86_64