CRAN Package Check Results for Package mopa

Last updated on 2017-12-20 00:47:03 CET.

Flavor Version Tinstall Tcheck Ttotal Status Flags
r-devel-linux-x86_64-debian-clang 1.0.0 6.90 140.27 147.17 OK
r-devel-linux-x86_64-debian-gcc 1.0.0 OK
r-devel-linux-x86_64-fedora-clang 1.0.0 194.37 OK
r-devel-linux-x86_64-fedora-gcc 1.0.0 194.76 OK
r-devel-windows-ix86+x86_64 1.0.0 24.00 154.00 178.00 OK
r-patched-linux-x86_64 1.0.0 7.87 168.31 176.18 OK
r-patched-solaris-x86 1.0.0 316.10 OK
r-release-linux-x86_64 1.0.0 7.99 166.02 174.01 OK
r-release-windows-ix86+x86_64 1.0.0 12.00 179.00 191.00 OK
r-release-osx-x86_64 1.0.0 OK
r-oldrel-osx-x86_64 1.0.0 ERROR

Check Details

Version: 1.0.0
Check: whether package can be installed
Result: ERROR
    Installation failed.
Flavor: r-oldrel-osx-x86_64