Last updated on 2017-12-20 00:47:03 CET.
Flavor | Version | Tinstall | Tcheck | Ttotal | Status | Flags |
---|---|---|---|---|---|---|
r-devel-linux-x86_64-debian-clang | 2.1 | 4.61 | 115.89 | 120.50 | OK | |
r-devel-linux-x86_64-debian-gcc | 2.1 | OK | ||||
r-devel-linux-x86_64-fedora-clang | 2.1 | 149.01 | OK | |||
r-devel-linux-x86_64-fedora-gcc | 2.1 | 151.66 | OK | |||
r-devel-windows-ix86+x86_64 | 2.1 | 59.00 | 4.00 | 63.00 | ERROR | |
r-patched-linux-x86_64 | 2.1 | 5.07 | 143.41 | 148.48 | OK | |
r-patched-solaris-x86 | 2.1 | 202.30 | OK | |||
r-release-linux-x86_64 | 2.1 | 5.04 | 149.37 | 154.41 | OK | |
r-release-windows-ix86+x86_64 | 2.1 | 27.00 | 4.00 | 31.00 | ERROR | |
r-release-osx-x86_64 | 2.1 | ERROR | ||||
r-oldrel-windows-ix86+x86_64 | 2.1 | 85.00 | 7.00 | 92.00 | ERROR | |
r-oldrel-osx-x86_64 | 2.1 | OK |
Version: 2.1
Check: whether package can be installed
Result: ERROR
Installation failed.
Flavors: r-devel-windows-ix86+x86_64, r-release-windows-ix86+x86_64, r-oldrel-windows-ix86+x86_64
Version: 2.1
Check: package dependencies
Result: ERROR
Packages required but not available: ‘gWidgetsRGtk2’ ‘RGtk2Extras’ ‘RGtk2’
See section ‘The DESCRIPTION file’ in the ‘Writing R Extensions’
manual.
Flavor: r-release-osx-x86_64