CRAN Package Check Results for Package mrgsolve

Last updated on 2017-12-20 00:47:03 CET.

Flavor Version Tinstall Tcheck Ttotal Status Flags
r-devel-linux-x86_64-debian-clang 0.8.10 81.09 77.21 158.30 OK
r-devel-linux-x86_64-debian-gcc 0.8.10 OK
r-devel-linux-x86_64-fedora-clang 0.8.10 227.85 NOTE
r-devel-linux-x86_64-fedora-gcc 0.8.10 216.62 NOTE
r-devel-windows-ix86+x86_64 0.8.10 294.00 128.00 422.00 OK
r-patched-linux-x86_64 0.8.10 90.82 85.42 176.24 OK
r-patched-solaris-x86 0.8.10 216.30 OK
r-release-linux-x86_64 0.8.10 91.53 89.90 181.43 OK
r-release-windows-ix86+x86_64 0.8.10 213.00 140.00 353.00 OK
r-release-osx-x86_64 0.8.10 OK
r-oldrel-windows-ix86+x86_64 0.8.10 212.00 144.00 356.00 OK
r-oldrel-osx-x86_64 0.8.10 NOTE

Check Details

Version: 0.8.10
Check: installed package size
Result: NOTE
     installed size is 5.4Mb
     sub-directories of 1Mb or more:
     libs 4.2Mb
Flavors: r-devel-linux-x86_64-fedora-clang, r-devel-linux-x86_64-fedora-gcc, r-oldrel-osx-x86_64