Last updated on 2017-12-20 00:47:04 CET.
Flavor | Version | Tinstall | Tcheck | Ttotal | Status | Flags |
---|---|---|---|---|---|---|
r-devel-linux-x86_64-debian-clang | 0.2.1 | 4.20 | 109.70 | 113.90 | OK | |
r-devel-linux-x86_64-debian-gcc | 0.2.1 | OK | ||||
r-devel-linux-x86_64-fedora-clang | 0.2.1 | 162.92 | OK | |||
r-devel-linux-x86_64-fedora-gcc | 0.2.1 | 160.29 | OK | |||
r-devel-windows-ix86+x86_64 | 0.2.1 | 23.00 | 169.00 | 192.00 | OK | |
r-patched-linux-x86_64 | 0.2.1 | 5.41 | 132.65 | 138.06 | OK | |
r-patched-solaris-x86 | 0.2.1 | 242.60 | OK | |||
r-release-linux-x86_64 | 0.2.1 | 4.51 | 130.53 | 135.04 | OK | |
r-release-windows-ix86+x86_64 | 0.2.1 | 14.00 | 238.00 | 252.00 | OK | |
r-release-osx-x86_64 | 0.2.1 | OK | ||||
r-oldrel-windows-ix86+x86_64 | 0.2.1 | 18.00 | 204.00 | 222.00 | OK | |
r-oldrel-osx-x86_64 | 0.2.1 | NOTE |
Version: 0.2.1
Check: re-building of vignette outputs
Result: NOTE
Error in re-building vignettes:
...
! Illegal unit of measure (pt inserted).
<to be read again>
\let
l.979 \end{tabularx}
! Missing number, treated as zero.
<to be read again>
\let
l.979 \end{tabularx}
! Illegal unit of measure (pt inserted).
<to be read again>
\let
l.979 \end{tabularx}
! Missing number, treated as zero.
<to be read again>
\let
l.979 \end{tabularx}
! Illegal unit of measure (pt inserted).
<to be read
Calls: buildVignettes -> texi2pdf -> texi2dvi
Execution halted
Flavor: r-oldrel-osx-x86_64