Last updated on 2017-12-20 00:47:05 CET.
Flavor | Version | Tinstall | Tcheck | Ttotal | Status | Flags |
---|---|---|---|---|---|---|
r-devel-linux-x86_64-debian-clang | 0.1 | 0.80 | 13.08 | 13.88 | OK | |
r-devel-linux-x86_64-debian-gcc | 0.1 | OK | ||||
r-devel-linux-x86_64-fedora-clang | 0.1 | 19.21 | NOTE | |||
r-devel-linux-x86_64-fedora-gcc | 0.1 | 18.34 | NOTE | |||
r-devel-windows-ix86+x86_64 | 0.1 | 3.00 | 24.00 | 27.00 | OK | |
r-patched-linux-x86_64 | 0.1 | 0.80 | 13.12 | 13.92 | OK | |
r-patched-solaris-x86 | 0.1 | 28.20 | NOTE | |||
r-release-linux-x86_64 | 0.1 | 0.85 | 13.18 | 14.03 | OK | |
r-release-windows-ix86+x86_64 | 0.1 | 3.00 | 22.00 | 25.00 | OK | |
r-release-osx-x86_64 | 0.1 | NOTE | ||||
r-oldrel-windows-ix86+x86_64 | 0.1 | 3.00 | 22.00 | 25.00 | OK | |
r-oldrel-osx-x86_64 | 0.1 | NOTE |
Version: 0.1
Check: data for non-ASCII characters
Result: NOTE
Note: found 8 marked UTF-8 strings
Flavors: r-devel-linux-x86_64-fedora-clang, r-devel-linux-x86_64-fedora-gcc, r-patched-solaris-x86, r-release-osx-x86_64, r-oldrel-osx-x86_64