Last updated on 2017-12-20 00:47:05 CET.
Flavor | Version | Tinstall | Tcheck | Ttotal | Status | Flags |
---|---|---|---|---|---|---|
r-devel-linux-x86_64-debian-clang | 1.9 | 11.68 | 61.54 | 73.22 | NOTE | |
r-devel-linux-x86_64-debian-gcc | 1.9 | NOTE | ||||
r-devel-linux-x86_64-fedora-clang | 1.9 | 101.64 | NOTE | |||
r-devel-linux-x86_64-fedora-gcc | 1.9 | 101.45 | NOTE | |||
r-devel-windows-ix86+x86_64 | 1.9 | 39.00 | 97.00 | 136.00 | OK | |
r-patched-linux-x86_64 | 1.9 | 12.06 | 75.65 | 87.71 | NOTE | |
r-patched-solaris-x86 | 1.9 | 147.70 | OK | |||
r-release-linux-x86_64 | 1.9 | 12.73 | 75.40 | 88.13 | NOTE | |
r-release-windows-ix86+x86_64 | 1.9 | 31.00 | 130.00 | 161.00 | OK | |
r-release-osx-x86_64 | 1.9 | OK | ||||
r-oldrel-windows-ix86+x86_64 | 1.9 | 41.00 | 118.00 | 159.00 | OK | |
r-oldrel-osx-x86_64 | 1.9 | OK |
Version: 1.9
Check: compiled code
Result: NOTE
File ‘nontarget/libs/nontarget.so’:
Found no calls to: ‘R_registerRoutines’, ‘R_useDynamicSymbols’
It is good practice to register native routines and to disable symbol
search.
See ‘Writing portable packages’ in the ‘Writing R Extensions’ manual.
Flavors: r-devel-linux-x86_64-debian-clang, r-devel-linux-x86_64-debian-gcc, r-devel-linux-x86_64-fedora-clang, r-devel-linux-x86_64-fedora-gcc, r-patched-linux-x86_64, r-release-linux-x86_64