CRAN Package Check Results for Package npphen

Last updated on 2017-12-20 00:47:05 CET.

Flavor Version Tinstall Tcheck Ttotal Status Flags
r-devel-linux-x86_64-debian-clang 1.1-0 6.15 67.52 73.67 OK
r-devel-linux-x86_64-debian-gcc 1.1-0 OK
r-devel-linux-x86_64-fedora-clang 1.1-0 101.03 NOTE
r-devel-linux-x86_64-fedora-gcc 1.1-0 97.68 NOTE
r-devel-windows-ix86+x86_64 1.1-0 40.00 86.00 126.00 OK
r-patched-linux-x86_64 1.1-0 6.53 86.86 93.39 OK
r-patched-solaris-x86 1.1-0 160.70 NOTE
r-release-linux-x86_64 1.1-0 5.83 82.88 88.71 OK
r-release-windows-ix86+x86_64 1.1-0 22.00 87.00 109.00 OK
r-release-osx-x86_64 1.1-0 NOTE
r-oldrel-windows-ix86+x86_64 1.1-0 40.00 115.00 155.00 OK
r-oldrel-osx-x86_64 1.1-0 NOTE

Check Details

Version: 1.1-0
Check: dependencies in R code
Result: NOTE
    Namespace in Imports field not imported from: ‘rts’
     All declared Imports should be used.
Flavors: r-devel-linux-x86_64-fedora-clang, r-devel-linux-x86_64-fedora-gcc, r-patched-solaris-x86, r-release-osx-x86_64, r-oldrel-osx-x86_64