CRAN Package Check Results for Package nucim

Last updated on 2017-12-20 00:47:05 CET.

Flavor Version Tinstall Tcheck Ttotal Status Flags
r-devel-linux-x86_64-debian-clang 1.0.0 3.61 46.91 50.52 OK
r-devel-linux-x86_64-debian-gcc 1.0.0 OK
r-devel-linux-x86_64-fedora-clang 1.0.0 67.48 OK
r-devel-linux-x86_64-fedora-gcc 1.0.0 67.20 OK
r-devel-windows-ix86+x86_64 1.0.0 15.00 64.00 79.00 OK
r-patched-linux-x86_64 1.0.0 3.62 57.16 60.78 OK
r-patched-solaris-x86 1.0.0 96.90 OK
r-release-linux-x86_64 1.0.0 4.01 56.51 60.52 OK
r-release-windows-ix86+x86_64 1.0.0 8.00 58.00 66.00 OK
r-release-osx-x86_64 1.0.0 ERROR
r-oldrel-windows-ix86+x86_64 1.0.0 7.00 81.00 88.00 OK
r-oldrel-osx-x86_64 1.0.0 OK

Check Details

Version: 1.0.0
Check: package dependencies
Result: ERROR
    Packages required but not available: ‘EBImage’ ‘bioimagetools’
    
    See section ‘The DESCRIPTION file’ in the ‘Writing R Extensions’
    manual.
Flavor: r-release-osx-x86_64