Last updated on 2017-12-20 00:47:05 CET.
Flavor | Version | Tinstall | Tcheck | Ttotal | Status | Flags |
---|---|---|---|---|---|---|
r-devel-linux-x86_64-debian-clang | 0.2.2 | 8.78 | 23.55 | 32.33 | OK | |
r-devel-linux-x86_64-debian-gcc | 0.2.2 | OK | ||||
r-devel-linux-x86_64-fedora-clang | 0.2.2 | 49.13 | NOTE | |||
r-devel-linux-x86_64-fedora-gcc | 0.2.2 | 46.86 | NOTE | |||
r-devel-windows-ix86+x86_64 | 0.2.2 | 18.00 | 39.00 | 57.00 | NOTE | |
r-patched-linux-x86_64 | 0.2.2 | 10.33 | 27.76 | 38.09 | OK | |
r-patched-solaris-x86 | 0.2.2 | 72.30 | NOTE | |||
r-release-linux-x86_64 | 0.2.2 | 10.22 | 27.09 | 37.31 | OK | |
r-release-windows-ix86+x86_64 | 0.2.2 | 14.00 | 39.00 | 53.00 | NOTE | |
r-release-osx-x86_64 | 0.2.2 | NOTE | ||||
r-oldrel-windows-ix86+x86_64 | 0.2.2 | 10.00 | 48.00 | 58.00 | NOTE | |
r-oldrel-osx-x86_64 | 0.2.2 | NOTE |
Version: 0.2.2
Check: installed package size
Result: NOTE
installed size is 7.0Mb
sub-directories of 1Mb or more:
data 6.9Mb
Flavors: r-devel-linux-x86_64-fedora-clang, r-devel-linux-x86_64-fedora-gcc, r-devel-windows-ix86+x86_64, r-patched-solaris-x86, r-release-windows-ix86+x86_64, r-release-osx-x86_64, r-oldrel-windows-ix86+x86_64, r-oldrel-osx-x86_64