Last updated on 2017-12-20 00:47:05 CET.
Flavor | Version | Tinstall | Tcheck | Ttotal | Status | Flags |
---|---|---|---|---|---|---|
r-devel-linux-x86_64-debian-clang | 0.2.2 | 1.76 | 23.79 | 25.55 | NOTE | |
r-devel-linux-x86_64-debian-gcc | 0.2.2 | NOTE | ||||
r-devel-linux-x86_64-fedora-clang | 0.2.2 | 35.89 | NOTE | |||
r-devel-linux-x86_64-fedora-gcc | 0.2.2 | 34.99 | NOTE | |||
r-devel-windows-ix86+x86_64 | 0.2.2 | 8.00 | 49.00 | 57.00 | OK | |
r-patched-linux-x86_64 | 0.2.2 | 1.80 | 28.07 | 29.87 | NOTE | |
r-patched-solaris-x86 | 0.2.2 | 52.20 | OK | |||
r-release-linux-x86_64 | 0.2.2 | 1.71 | 27.34 | 29.05 | NOTE | |
r-release-windows-ix86+x86_64 | 0.2.2 | 5.00 | 53.00 | 58.00 | OK | |
r-release-osx-x86_64 | 0.2.2 | OK | ||||
r-oldrel-windows-ix86+x86_64 | 0.2.2 | 6.00 | 64.00 | 70.00 | OK | |
r-oldrel-osx-x86_64 | 0.2.2 | OK |
Version: 0.2.2
Check: compiled code
Result: NOTE
File ‘oai/libs/oai.so’:
Found no calls to: ‘R_registerRoutines’, ‘R_useDynamicSymbols’
It is good practice to register native routines and to disable symbol
search.
See ‘Writing portable packages’ in the ‘Writing R Extensions’ manual.
Flavors: r-devel-linux-x86_64-debian-clang, r-devel-linux-x86_64-debian-gcc, r-devel-linux-x86_64-fedora-clang, r-devel-linux-x86_64-fedora-gcc, r-patched-linux-x86_64, r-release-linux-x86_64