Last updated on 2017-12-20 00:47:05 CET.
Flavor | Version | Tinstall | Tcheck | Ttotal | Status | Flags |
---|---|---|---|---|---|---|
r-devel-linux-x86_64-debian-clang | 1.0.0 | 24.13 | 33.14 | 57.27 | OK | |
r-devel-linux-x86_64-debian-gcc | 1.0.0 | OK | ||||
r-devel-linux-x86_64-fedora-clang | 1.0.0 | 83.06 | NOTE | |||
r-devel-linux-x86_64-fedora-gcc | 1.0.0 | 79.77 | NOTE | |||
r-devel-windows-ix86+x86_64 | 1.0.0 | 74.00 | 65.00 | 139.00 | OK | |
r-patched-linux-x86_64 | 1.0.0 | 25.14 | 38.38 | 63.52 | OK | |
r-patched-solaris-x86 | 1.0.0 | 99.90 | OK | |||
r-release-linux-x86_64 | 1.0.0 | 26.15 | 38.78 | 64.93 | OK | |
r-release-windows-ix86+x86_64 | 1.0.0 | 60.00 | 73.00 | 133.00 | OK | |
r-release-osx-x86_64 | 1.0.0 | OK | ||||
r-oldrel-windows-ix86+x86_64 | 1.0.0 | 78.00 | 88.00 | 166.00 | OK | |
r-oldrel-osx-x86_64 | 1.0.0 | OK |
Version: 1.0.0
Check: DESCRIPTION meta-information
Result: NOTE
Dependence on R version ‘3.3.1’ not with patchlevel 0
Flavors: r-devel-linux-x86_64-fedora-clang, r-devel-linux-x86_64-fedora-gcc