Last updated on 2017-12-20 00:47:06 CET.
Flavor | Version | Tinstall | Tcheck | Ttotal | Status | Flags |
---|---|---|---|---|---|---|
r-devel-linux-x86_64-debian-clang | 2.0 | 120.01 | 229.56 | 349.57 | OK | |
r-devel-linux-x86_64-debian-gcc | 2.0 | OK | ||||
r-devel-linux-x86_64-fedora-clang | 2.0 | 504.85 | NOTE | |||
r-devel-linux-x86_64-fedora-gcc | 2.0 | 484.05 | NOTE | |||
r-devel-windows-ix86+x86_64 | 2.0 | 392.00 | 376.00 | 768.00 | OK | |
r-patched-linux-x86_64 | 2.0 | 133.14 | 281.79 | 414.93 | OK | |
r-patched-solaris-x86 | 2.0 | 597.50 | OK | |||
r-release-linux-x86_64 | 2.0 | 133.90 | 276.72 | 410.62 | OK | |
r-release-windows-ix86+x86_64 | 2.0 | 223.00 | 368.00 | 591.00 | OK | |
r-release-osx-x86_64 | 2.0 | OK | ||||
r-oldrel-windows-ix86+x86_64 | 2.0 | 252.00 | 315.00 | 567.00 | OK | |
r-oldrel-osx-x86_64 | 2.0 | NOTE |
Version: 2.0
Check: installed package size
Result: NOTE
installed size is 5.8Mb
sub-directories of 1Mb or more:
extdata 1.8Mb
libs 3.1Mb
Flavors: r-devel-linux-x86_64-fedora-clang, r-devel-linux-x86_64-fedora-gcc, r-oldrel-osx-x86_64
Version: 2.0
Check: DESCRIPTION meta-information
Result: NOTE
Dependence on R version ‘3.3.2’ not with patchlevel 0
Flavors: r-devel-linux-x86_64-fedora-clang, r-devel-linux-x86_64-fedora-gcc